{"id":1150,"date":"2024-01-06T21:42:00","date_gmt":"2024-01-06T21:42:00","guid":{"rendered":"http:\/\/zespoltoon.pl\/blog\/?page_id=1150"},"modified":"2026-01-30T11:52:45","modified_gmt":"2026-01-30T11:52:45","slug":"2023-2","status":"publish","type":"page","link":"http:\/\/zespoltoon.pl\/blog\/2023-2\/","title":{"rendered":"2023"},"content":{"rendered":"<div data-colibri-id=\"1150-c1\" class=\"style-1480 style-local-1150-c1 position-relative\">\n  <!---->\n  <div data-colibri-component=\"section\" data-colibri-id=\"1150-c2\" id=\"initial-content\" class=\"h-section h-section-global-spacing d-flex align-items-lg-center align-items-md-center align-items-center style-1481 style-local-1150-c2 position-relative\">\n    <!---->\n    <!---->\n    <div class=\"h-section-grid-container h-section-boxed-container\">\n      <!---->\n      <div data-colibri-id=\"1150-c7\" class=\"h-row-container gutters-row-lg-2 gutters-row-md-2 gutters-row-0 gutters-row-v-lg-2 gutters-row-v-md-2 gutters-row-v-2 style-1486 style-local-1150-c7 position-relative\">\n        <!---->\n        <div class=\"h-row justify-content-lg-center justify-content-md-center justify-content-center align-items-lg-stretch align-items-md-stretch align-items-stretch gutters-col-lg-2 gutters-col-md-2 gutters-col-0 gutters-col-v-lg-2 gutters-col-v-md-2 gutters-col-v-2\">\n          <!---->\n          <div class=\"h-column h-column-container d-flex h-col-lg-auto h-col-md-auto h-col-auto style-1487-outer style-local-1150-c8-outer\">\n            <div data-colibri-id=\"1150-c8\" class=\"d-flex h-flex-basis h-column__inner h-px-lg-2 h-px-md-2 h-px-2 v-inner-lg-2 v-inner-md-2 v-inner-2 style-1487 style-local-1150-c8 position-relative\">\n              <!---->\n              <!---->\n              <div class=\"w-100 h-y-container h-column__content h-column__v-align flex-basis-100 align-self-lg-start align-self-md-start align-self-start\">\n                <!---->\n                <div data-colibri-id=\"1150-c9\" class=\"h-global-transition-all h-heading style-1488 style-local-1150-c9 position-relative h-element\">\n                  <!---->\n                  <div class=\"h-heading__outer style-1488 style-local-1150-c9\">\n                    <!---->\n                    <!---->\n                    <h1 class=\"\">Koncerty w roku 2023<\/h1>\n                  <\/div>\n                <\/div>\n              <\/div>\n            <\/div>\n          <\/div>\n        <\/div>\n      <\/div>\n      <div data-colibri-id=\"1150-c3\" class=\"h-row-container gutters-row-lg-2 gutters-row-md-2 gutters-row-0 gutters-row-v-lg-2 gutters-row-v-md-2 gutters-row-v-2 style-1482 style-local-1150-c3 position-relative\">\n        <!---->\n        <div class=\"h-row justify-content-lg-center justify-content-md-center justify-content-center align-items-lg-stretch align-items-md-stretch align-items-stretch gutters-col-lg-2 gutters-col-md-2 gutters-col-0 gutters-col-v-lg-2 gutters-col-v-md-2 gutters-col-v-2\">\n          <!---->\n          <div class=\"h-column h-column-container d-flex h-col-lg-auto h-col-md-auto h-col-auto style-1483-outer style-local-1150-c4-outer\">\n            <div data-colibri-id=\"1150-c4\" class=\"d-flex h-flex-basis h-column__inner h-px-lg-2 h-px-md-2 h-px-2 v-inner-lg-2 v-inner-md-2 v-inner-2 style-1483 style-local-1150-c4 position-relative\">\n              <!---->\n              <!---->\n              <div class=\"w-100 h-y-container h-column__content h-column__v-align flex-basis-100 align-self-lg-start align-self-md-start align-self-start\">\n                <!---->\n                <div data-colibri-id=\"1150-c6\" class=\"h-text h-text-component style-1485 style-local-1150-c6 position-relative h-element\">\n                  <!---->\n                  <!---->\n                  <div class=\"\">\n                    <p>14 stycznia 2023&nbsp;\u2013 Dobrowoda (akustycznie)<\/p>\n                    <p>22 stycznia 2023&nbsp;\u2013 Ekumeniczny Koncert Uwielbienia \u2013 Ekumeniczna&nbsp;\u015awi\u0105tynia Pokoju w Kielcach<\/p>\n                    <p>28 stycznia 2023&nbsp;\u2013 Warszawa (Pog\u0142\u0119biarka)<\/p>\n                    <p>18 lutego 2023&nbsp;\u2013 Bieliny (akustycznie)<\/p>\n                    <p>18 marca 2023&nbsp;\u2013 Wolica-Tokarnia (akustycznie)<\/p>\n                    <p>2 kwietnia 2023&nbsp;\u2013 Pietraszki \u2013 Dom \u015bw. Jana Paw\u0142a II (akustycznie)<\/p>\n                    <p>15 kwietnia 2023&nbsp;\u2013 Studnia Marze\u0144 \u2013 Kielce<\/p>\n                    <p>22 kwietnia 2023&nbsp;\u2013 Smardzowice (akustycznie)<\/p>\n                    <p>20 maja 2023&nbsp;\u2013 Piekosz\u00f3w (akustycznie)<\/p>\n                    <p>8 czerwca 2023&nbsp;\u2013 Szczekociny<\/p>\n                    <p>10 czerwca 2023&nbsp;\u2013 Uwielbienie w Centrum Miasta \u2013 Park Miejski w Kielcach<\/p>\n                    <p>22 lipca 2023&nbsp;\u2013 Zel\u00f3w k. \u0141odzi (\u015awi\u0119to Ko\u015bcio\u0142a w \u015brodku Polski)<\/p>\n                    <p>7 pa\u017adziernika 2023&nbsp;\u2013 Nowe Brzesko (akustycznie)<\/p>\n                    <p>25 listopada 2023&nbsp;\u2013 Diecezjalne Obchody \u015awiatowego Dnia M\u0142odzie\u017cy \u2013 Bazylika Katedralna w Kielcach<\/p>\n                    <p>2 grudnia&nbsp;2023&nbsp;\u2013&nbsp;Wi\u015blica (akustycznie)<\/p>\n                    <p>\n                      <br>\n                    <\/p>\n                  <\/div>\n                <\/div>\n              <\/div>\n            <\/div>\n          <\/div>\n        <\/div>\n      <\/div>\n    <\/div>\n  <\/div>\n<\/div>","protected":false},"excerpt":{"rendered":"<p>Koncerty w roku 2023 14 stycznia 2023&nbsp;\u2013 Dobrowoda (akustycznie) 22 stycznia 2023&nbsp;\u2013 Ekumeniczny Koncert Uwielbienia \u2013 Ekumeniczna&nbsp;\u015awi\u0105tynia Pokoju w Kielcach 28 stycznia 2023&nbsp;\u2013 Warszawa (Pog\u0142\u0119biarka) 18 lutego 2023&nbsp;\u2013 Bieliny (akustycznie) 18 marca 2023&nbsp;\u2013 Wolica-Tokarnia (akustycznie) 2 kwietnia 2023&nbsp;\u2013 Pietraszki \u2013 Dom \u015bw. Jana Paw\u0142a II (akustycznie) 15 kwietnia 2023&nbsp;\u2013 Studnia Marze\u0144 \u2013 Kielce 22 kwietnia [&hellip;]<\/p>\n","protected":false},"author":1,"featured_media":0,"parent":0,"menu_order":0,"comment_status":"closed","ping_status":"closed","template":"page-templates\/full-width-page.php","meta":{"_exactmetrics_skip_tracking":false,"_exactmetrics_sitenote_active":false,"_exactmetrics_sitenote_note":"","_exactmetrics_sitenote_category":0,"footnotes":""},"class_list":["post-1150","page","type-page","status-publish","hentry"],"aioseo_notices":[],"_links":{"self":[{"href":"http:\/\/zespoltoon.pl\/blog\/wp-json\/wp\/v2\/pages\/1150","targetHints":{"allow":["GET"]}}],"collection":[{"href":"http:\/\/zespoltoon.pl\/blog\/wp-json\/wp\/v2\/pages"}],"about":[{"href":"http:\/\/zespoltoon.pl\/blog\/wp-json\/wp\/v2\/types\/page"}],"author":[{"embeddable":true,"href":"http:\/\/zespoltoon.pl\/blog\/wp-json\/wp\/v2\/users\/1"}],"replies":[{"embeddable":true,"href":"http:\/\/zespoltoon.pl\/blog\/wp-json\/wp\/v2\/comments?post=1150"}],"version-history":[{"count":2,"href":"http:\/\/zespoltoon.pl\/blog\/wp-json\/wp\/v2\/pages\/1150\/revisions"}],"predecessor-version":[{"id":2975,"href":"http:\/\/zespoltoon.pl\/blog\/wp-json\/wp\/v2\/pages\/1150\/revisions\/2975"}],"wp:attachment":[{"href":"http:\/\/zespoltoon.pl\/blog\/wp-json\/wp\/v2\/media?parent=1150"}],"curies":[{"name":"wp","href":"https:\/\/api.w.org\/{rel}","templated":true}]}}