{"id":1337,"date":"2025-03-03T19:49:44","date_gmt":"2025-03-03T19:49:44","guid":{"rendered":"http:\/\/zespoltoon.pl\/blog\/?page_id=1337"},"modified":"2026-01-30T11:49:49","modified_gmt":"2026-01-30T11:49:49","slug":"2024-2","status":"publish","type":"page","link":"http:\/\/zespoltoon.pl\/blog\/2024-2\/","title":{"rendered":"2024"},"content":{"rendered":"<div data-colibri-id=\"1337-c1\" class=\"style-602 style-local-1337-c1 position-relative\">\n  <!---->\n  <div data-colibri-component=\"section\" data-colibri-id=\"1337-c2\" id=\"custom\" class=\"h-section h-section-global-spacing d-flex align-items-lg-center align-items-md-center align-items-center style-603 style-local-1337-c2 position-relative\">\n    <!---->\n    <!---->\n    <div class=\"h-section-grid-container h-section-boxed-container\">\n      <!---->\n      <div data-colibri-id=\"1337-c3\" class=\"h-row-container gutters-row-lg-2 gutters-row-md-2 gutters-row-0 gutters-row-v-lg-2 gutters-row-v-md-2 gutters-row-v-2 style-606 style-local-1337-c3 position-relative\">\n        <!---->\n        <div class=\"h-row justify-content-lg-center justify-content-md-center justify-content-center align-items-lg-stretch align-items-md-stretch align-items-stretch gutters-col-lg-2 gutters-col-md-2 gutters-col-0 gutters-col-v-lg-2 gutters-col-v-md-2 gutters-col-v-2\">\n          <!---->\n          <div class=\"h-column h-column-container d-flex h-col-lg-auto h-col-md-auto h-col-auto style-607-outer style-local-1337-c4-outer\">\n            <div data-colibri-id=\"1337-c4\" class=\"d-flex h-flex-basis h-column__inner h-px-lg-2 h-px-md-2 h-px-2 v-inner-lg-2 v-inner-md-2 v-inner-2 style-607 style-local-1337-c4 position-relative\">\n              <!---->\n              <!---->\n              <div class=\"w-100 h-y-container h-column__content h-column__v-align flex-basis-100 align-self-lg-start align-self-md-start align-self-start\">\n                <!---->\n                <div data-colibri-id=\"1337-c6\" class=\"h-global-transition-all h-heading style-1479 style-local-1337-c6 position-relative h-element\">\n                  <!---->\n                  <div class=\"h-heading__outer style-1479 style-local-1337-c6\">\n                    <!---->\n                    <!---->\n                    <h1 class=\"\">Koncerty w roku 2024<\/h1>\n                  <\/div>\n                <\/div>\n                <div data-colibri-id=\"1337-c5\" class=\"h-text h-text-component style-608 style-local-1337-c5 position-relative h-element\">\n                  <!---->\n                  <!---->\n                  <div class=\"\">\n                    <p>13 stycznia 2024&nbsp;\u2013 Koncert Kol\u0119d i Pastora\u0142ek \u2013 Radoszyce<\/p>\n                    <p>20 stycznia 2024&nbsp;\u2013 Kielce par. \u015bw. Jadwigi<\/p>\n                    <p>21 stycznia&nbsp;&nbsp;2024&nbsp;&nbsp;\u2013 Ekumeniczna \u015awi\u0105tynia Pokoju Kielce<\/p>\n                    <p>27 stycznia&nbsp;&nbsp;2024&nbsp;\u2013 Konferencja \u201eKierunek Uwielbienie\u201d \u2013&nbsp;Kielce<\/p>\n                    <p>1 lutego&nbsp;2024&nbsp;\u2013 Koncert Kol\u0119d i Pastora\u0142ek \u2013 Kielce Karcz\u00f3wka<\/p>\n                    <p>10 lutego 2024&nbsp;\u2013 Ch\u0119ciny<\/p>\n                    <p>16 marca&nbsp;2024&nbsp;\u2013 Miech\u00f3w<\/p>\n                    <p>23 marca&nbsp;&nbsp;2024&nbsp;\u2013 Ko\u0144skie<\/p>\n                    <p>24 marca&nbsp;&nbsp;2024&nbsp;\u2013 Pietraszki \u2013 Dom \u015bw. Jana Paw\u0142a II<\/p>\n                    <p>20 kwietnia 2024&nbsp;\u2013 Cierchy<\/p>\n                    <p>11 maja 2024&nbsp;\u2013 Ch\u0119ciny<\/p>\n                    <p>19 maja 2024&nbsp;\u2013 Wiecz\u00f3r Uwielbienia Chmielnik<\/p>\n                    <p>25 maja 2024&nbsp;\u2013 Uwielbienie w Centrum Miasta \u201eJeste\u015b u Celu\u201d&nbsp;&nbsp;<\/p>\n                    <p>14 lipca 2024&nbsp;&#8211; Koncert Uwielbienia Pierzchnica<\/p>\n                    <p>12 pa\u017adziernika 2024&nbsp;\u2013 par. Jana Chrzciciela &#8211; Kielce<\/p>\n                    <p>16 listopada 2024&nbsp;\u2013 par. Niepokalanego Serca NMP &#8211; Kielce<\/p>\n                    <p>23 listopada 2024&nbsp;\u2013 Diecezjalne Dni M\u0142odzie\u017cy Kielce KATEDRA&nbsp;<\/p>\n                    <p>7 grudnia 2024&nbsp;\u2013 Zako\u0144czenie rekolekcji dla m\u0142odzie\u017cy i Uwielbienie w Kielcach<\/p>\n                  <\/div>\n                <\/div>\n              <\/div>\n            <\/div>\n          <\/div>\n        <\/div>\n      <\/div>\n    <\/div>\n  <\/div>\n<\/div>","protected":false},"excerpt":{"rendered":"<p>Koncerty w roku 2024 13 stycznia 2024&nbsp;\u2013 Koncert Kol\u0119d i Pastora\u0142ek \u2013 Radoszyce 20 stycznia 2024&nbsp;\u2013 Kielce par. \u015bw. Jadwigi 21 stycznia&nbsp;&nbsp;2024&nbsp;&nbsp;\u2013 Ekumeniczna \u015awi\u0105tynia Pokoju Kielce 27 stycznia&nbsp;&nbsp;2024&nbsp;\u2013 Konferencja \u201eKierunek Uwielbienie\u201d \u2013&nbsp;Kielce 1 lutego&nbsp;2024&nbsp;\u2013 Koncert Kol\u0119d i Pastora\u0142ek \u2013 Kielce Karcz\u00f3wka 10 lutego 2024&nbsp;\u2013 Ch\u0119ciny 16 marca&nbsp;2024&nbsp;\u2013 Miech\u00f3w 23 marca&nbsp;&nbsp;2024&nbsp;\u2013 Ko\u0144skie 24 marca&nbsp;&nbsp;2024&nbsp;\u2013 Pietraszki \u2013 [&hellip;]<\/p>\n","protected":false},"author":1,"featured_media":0,"parent":0,"menu_order":0,"comment_status":"closed","ping_status":"closed","template":"page-templates\/full-width-page.php","meta":{"_exactmetrics_skip_tracking":false,"_exactmetrics_sitenote_active":false,"_exactmetrics_sitenote_note":"","_exactmetrics_sitenote_category":0,"footnotes":""},"class_list":["post-1337","page","type-page","status-publish","hentry"],"aioseo_notices":[],"_links":{"self":[{"href":"http:\/\/zespoltoon.pl\/blog\/wp-json\/wp\/v2\/pages\/1337","targetHints":{"allow":["GET"]}}],"collection":[{"href":"http:\/\/zespoltoon.pl\/blog\/wp-json\/wp\/v2\/pages"}],"about":[{"href":"http:\/\/zespoltoon.pl\/blog\/wp-json\/wp\/v2\/types\/page"}],"author":[{"embeddable":true,"href":"http:\/\/zespoltoon.pl\/blog\/wp-json\/wp\/v2\/users\/1"}],"replies":[{"embeddable":true,"href":"http:\/\/zespoltoon.pl\/blog\/wp-json\/wp\/v2\/comments?post=1337"}],"version-history":[{"count":3,"href":"http:\/\/zespoltoon.pl\/blog\/wp-json\/wp\/v2\/pages\/1337\/revisions"}],"predecessor-version":[{"id":2968,"href":"http:\/\/zespoltoon.pl\/blog\/wp-json\/wp\/v2\/pages\/1337\/revisions\/2968"}],"wp:attachment":[{"href":"http:\/\/zespoltoon.pl\/blog\/wp-json\/wp\/v2\/media?parent=1337"}],"curies":[{"name":"wp","href":"https:\/\/api.w.org\/{rel}","templated":true}]}}

<div data-colibri-id="1337-c1" class="style-602 style-local-1337-c1 position-relative">
  <!---->
  <div data-colibri-component="section" data-colibri-id="1337-c2" id="custom" class="h-section h-section-global-spacing d-flex align-items-lg-center align-items-md-center align-items-center style-603 style-local-1337-c2 position-relative">
    <!---->
    <!---->
    <div class="h-section-grid-container h-section-boxed-container">
      <!---->
      <div data-colibri-id="1337-c3" class="h-row-container gutters-row-lg-2 gutters-row-md-2 gutters-row-0 gutters-row-v-lg-2 gutters-row-v-md-2 gutters-row-v-2 style-606 style-local-1337-c3 position-relative">
        <!---->
        <div class="h-row justify-content-lg-center justify-content-md-center justify-content-center align-items-lg-stretch align-items-md-stretch align-items-stretch gutters-col-lg-2 gutters-col-md-2 gutters-col-0 gutters-col-v-lg-2 gutters-col-v-md-2 gutters-col-v-2">
          <!---->
          <div class="h-column h-column-container d-flex h-col-lg-auto h-col-md-auto h-col-auto style-607-outer style-local-1337-c4-outer">
            <div data-colibri-id="1337-c4" class="d-flex h-flex-basis h-column__inner h-px-lg-2 h-px-md-2 h-px-2 v-inner-lg-2 v-inner-md-2 v-inner-2 style-607 style-local-1337-c4 position-relative">
              <!---->
              <!---->
              <div class="w-100 h-y-container h-column__content h-column__v-align flex-basis-100 align-self-lg-start align-self-md-start align-self-start">
                <!---->
                <div data-colibri-id="1337-c6" class="h-global-transition-all h-heading style-1479 style-local-1337-c6 position-relative h-element">
                  <!---->
                  <div class="h-heading__outer style-1479 style-local-1337-c6">
                    <!---->
                    <!---->
                    <h1 class="">Koncerty w roku 2024</h1>
                  </div>
                </div>
                <div data-colibri-id="1337-c5" class="h-text h-text-component style-608 style-local-1337-c5 position-relative h-element">
                  <!---->
                  <!---->
                  <div class="">
                    <p>13 stycznia 2024&nbsp;– Koncert Kolęd i Pastorałek – Radoszyce</p>
                    <p>20 stycznia 2024&nbsp;– Kielce par. św. Jadwigi</p>
                    <p>21 stycznia&nbsp;&nbsp;2024&nbsp;&nbsp;– Ekumeniczna Świątynia Pokoju Kielce</p>
                    <p>27 stycznia&nbsp;&nbsp;2024&nbsp;– Konferencja „Kierunek Uwielbienie” –&nbsp;Kielce</p>
                    <p>1 lutego&nbsp;2024&nbsp;– Koncert Kolęd i Pastorałek – Kielce Karczówka</p>
                    <p>10 lutego 2024&nbsp;– Chęciny</p>
                    <p>16 marca&nbsp;2024&nbsp;– Miechów</p>
                    <p>23 marca&nbsp;&nbsp;2024&nbsp;– Końskie</p>
                    <p>24 marca&nbsp;&nbsp;2024&nbsp;– Pietraszki – Dom św. Jana Pawła II</p>
                    <p>20 kwietnia 2024&nbsp;– Cierchy</p>
                    <p>11 maja 2024&nbsp;– Chęciny</p>
                    <p>19 maja 2024&nbsp;– Wieczór Uwielbienia Chmielnik</p>
                    <p>25 maja 2024&nbsp;– Uwielbienie w Centrum Miasta „Jesteś u Celu”&nbsp;&nbsp;</p>
                    <p>14 lipca 2024&nbsp;&#8211; Koncert Uwielbienia Pierzchnica</p>
                    <p>12 października 2024&nbsp;– par. Jana Chrzciciela &#8211; Kielce</p>
                    <p>16 listopada 2024&nbsp;– par. Niepokalanego Serca NMP &#8211; Kielce</p>
                    <p>23 listopada 2024&nbsp;– Diecezjalne Dni Młodzieży Kielce KATEDRA&nbsp;</p>
                    <p>7 grudnia 2024&nbsp;– Zakończenie rekolekcji dla młodzieży i Uwielbienie w Kielcach</p>
                  </div>
                </div>
              </div>
            </div>
          </div>
        </div>
      </div>
    </div>
  </div>
</div>

<p>Koncerty w roku 2024 13 stycznia 2024&nbsp;– Koncert Kolęd i Pastorałek – Radoszyce 20 stycznia 2024&nbsp;– Kielce par. św. Jadwigi 21 stycznia&nbsp;&nbsp;2024&nbsp;&nbsp;– Ekumeniczna Świątynia Pokoju Kielce 27 stycznia&nbsp;&nbsp;2024&nbsp;– Konferencja „Kierunek Uwielbienie” –&nbsp;Kielce 1 lutego&nbsp;2024&nbsp;– Koncert Kolęd i Pastorałek – Kielce Karczówka 10 lutego 2024&nbsp;– Chęciny 16 marca&nbsp;2024&nbsp;– Miechów 23 marca&nbsp;&nbsp;2024&nbsp;– Końskie 24 marca&nbsp;&nbsp;2024&nbsp;– Pietraszki – [&hellip;]</p>
