{"id":1682,"date":"2025-09-03T10:18:22","date_gmt":"2025-09-03T10:18:22","guid":{"rendered":"http:\/\/zespoltoon.pl\/blog\/?page_id=1682"},"modified":"2025-09-03T10:56:40","modified_gmt":"2025-09-03T10:56:40","slug":"koncert-wiary-i-wolnosci-w-kalkowie-godowie","status":"publish","type":"page","link":"http:\/\/zespoltoon.pl\/blog\/koncert-wiary-i-wolnosci-w-kalkowie-godowie\/","title":{"rendered":"Koncert wiary i wolno\u015bci w Ka\u0142kowie-Godowie"},"content":{"rendered":"<div data-colibri-id=\"1682-c1\" class=\"style-820 style-local-1682-c1 position-relative\">\n  <!---->\n  <div data-colibri-component=\"section\" data-colibri-id=\"1682-c6\" id=\"custom\" class=\"h-section h-section-global-spacing d-flex align-items-lg-center align-items-md-center align-items-center style-825 style-local-1682-c6 position-relative\">\n    <!---->\n    <!---->\n    <div class=\"h-section-grid-container h-section-boxed-container\">\n      <!---->\n      <div data-colibri-id=\"1682-c10\" class=\"h-row-container gutters-row-lg-2 gutters-row-md-2 gutters-row-0 gutters-row-v-lg-2 gutters-row-v-md-2 gutters-row-v-2 style-829 style-local-1682-c10 position-relative\">\n        <!---->\n        <div class=\"h-row justify-content-lg-center justify-content-md-center justify-content-center align-items-lg-stretch align-items-md-stretch align-items-stretch gutters-col-lg-2 gutters-col-md-2 gutters-col-0 gutters-col-v-lg-2 gutters-col-v-md-2 gutters-col-v-2\">\n          <!---->\n          <div class=\"h-column h-column-container d-flex h-col-lg-auto h-col-md-auto h-col-auto style-830-outer style-local-1682-c11-outer\">\n            <div data-colibri-id=\"1682-c11\" class=\"d-flex h-flex-basis h-column__inner h-px-lg-2 h-px-md-2 h-px-2 v-inner-lg-2 v-inner-md-2 v-inner-2 style-830 style-local-1682-c11 position-relative\">\n              <!---->\n              <!---->\n              <div class=\"w-100 h-y-container h-column__content h-column__v-align flex-basis-100 align-self-lg-start align-self-md-start align-self-start\">\n                <!---->\n                <div data-colibri-id=\"1682-c13\" class=\"h-global-transition-all h-heading style-832 style-local-1682-c13 position-relative h-element\">\n                  <!---->\n                  <div class=\"h-heading__outer style-832 style-local-1682-c13\">\n                    <!---->\n                    <!---->\n                    <h4 class=\"\">Realizacja d\u017awi\u0119ku i techniki sceny podczas koncertu Patriotyczno-Uwielbieniowego \u201eU St\u00f3p Kr\u00f3lowej Polski Koncert Wiary i Wono\u015bci\u201d na B\u0142oniach przy Golgocie w Sanktuarium Matki Bo\u017cej Bolesnej Kr\u00f3lowej Polski w Ka\u0142kowie-Godowie<\/h4>\n                  <\/div>\n                <\/div>\n              <\/div>\n            <\/div>\n          <\/div>\n        <\/div>\n      <\/div>\n      <div data-colibri-id=\"1682-c14\" class=\"h-row-container gutters-row-lg-2 gutters-row-md-2 gutters-row-0 gutters-row-v-lg-2 gutters-row-v-md-2 gutters-row-v-2 style-833 style-local-1682-c14 position-relative\">\n        <!---->\n        <div class=\"h-row justify-content-lg-center justify-content-md-center justify-content-center align-items-lg-stretch align-items-md-stretch align-items-stretch gutters-col-lg-2 gutters-col-md-2 gutters-col-0 gutters-col-v-lg-2 gutters-col-v-md-2 gutters-col-v-2\">\n          <!---->\n          <div class=\"h-column h-column-container d-flex h-col-lg-auto h-col-md-auto h-col-auto style-834-outer style-local-1682-c15-outer\">\n            <div data-colibri-id=\"1682-c15\" class=\"d-flex h-flex-basis h-column__inner h-px-lg-2 h-px-md-2 h-px-2 v-inner-lg-2 v-inner-md-2 v-inner-2 style-834 style-local-1682-c15 position-relative\">\n              <!---->\n              <!---->\n              <div class=\"w-100 h-y-container h-column__content h-column__v-align flex-basis-100 align-self-lg-start align-self-md-start align-self-start\">\n                <!---->\n                <div data-colibri-id=\"1682-c17\" class=\"h-text h-text-component style-836 style-local-1682-c17 position-relative h-element\">\n                  <!---->\n                  <!---->\n                  <div class=\"\">\n                    <p>www.echodnia.eu &#8211;&nbsp;W Ka\u0142kowie odby\u0142 si\u0119 wielki Koncert Patriotyczno-Uwielbieniowy \u201eU St\u00f3p Kr\u00f3lowej Polski&#8221;:\n                      <a href=\"https:\/\/echodnia.eu\/swietokrzyskie\/w-kalkowie-odbyl-sie-wielki-koncert-patriotyczno-uwielbieniowy-u-stop-krolowej-polski\/ar\/c1p2-27930253\">Zobacz<\/a>\n                    <\/p>\n                  <\/div>\n                <\/div>\n              <\/div>\n            <\/div>\n          <\/div>\n        <\/div>\n      <\/div>\n      <div data-colibri-id=\"1682-c7\" class=\"h-row-container gutters-row-lg-2 gutters-row-md-2 gutters-row-0 gutters-row-v-lg-2 gutters-row-v-md-2 gutters-row-v-2 style-826 style-local-1682-c7 position-relative\">\n        <!---->\n        <div class=\"h-row justify-content-lg-center justify-content-md-center justify-content-center align-items-lg-stretch align-items-md-stretch align-items-stretch gutters-col-lg-2 gutters-col-md-2 gutters-col-0 gutters-col-v-lg-2 gutters-col-v-md-2 gutters-col-v-2\">\n          <!---->\n          <div class=\"h-column h-column-container d-flex h-col-lg-auto h-col-md-auto h-col-auto style-827-outer style-local-1682-c8-outer\">\n            <div data-colibri-id=\"1682-c8\" class=\"d-flex h-flex-basis h-column__inner h-px-lg-2 h-px-md-2 h-px-2 v-inner-lg-2 v-inner-md-2 v-inner-2 style-827 style-local-1682-c8 position-relative\">\n              <!---->\n              <!---->\n              <div class=\"w-100 h-y-container h-column__content h-column__v-align flex-basis-100 align-self-lg-start align-self-md-start align-self-start\">\n                <!---->\n                <div data-colibri-id=\"1682-c9\" class=\"d-block style-828 style-local-1682-c9 position-relative h-element\">\n                  <!---->\n                  <div class=\"h-image__frame-container-outer\">\n                    <div class=\"h-image__frame-container\">\n                      <!---->\n                      <!---->\n                      <img loading=\"lazy\" decoding=\"async\" width=\"1271\" height=\"1800\" src=\"http:\/\/zespoltoon.pl\/blog\/wp-content\/uploads\/2025\/09\/cropped-514272521_1204062638428806_547711593469386309_n.jpg\" class=\"wp-image-1686 style-828-image style-local-1682-c9-image\" alt=\"\" srcset=\"http:\/\/zespoltoon.pl\/blog\/wp-content\/uploads\/2025\/09\/cropped-514272521_1204062638428806_547711593469386309_n.jpg 1271w, http:\/\/zespoltoon.pl\/blog\/wp-content\/uploads\/2025\/09\/cropped-514272521_1204062638428806_547711593469386309_n-212x300.jpg 212w, http:\/\/zespoltoon.pl\/blog\/wp-content\/uploads\/2025\/09\/cropped-514272521_1204062638428806_547711593469386309_n-723x1024.jpg 723w, http:\/\/zespoltoon.pl\/blog\/wp-content\/uploads\/2025\/09\/cropped-514272521_1204062638428806_547711593469386309_n-768x1088.jpg 768w, http:\/\/zespoltoon.pl\/blog\/wp-content\/uploads\/2025\/09\/cropped-514272521_1204062638428806_547711593469386309_n-1085x1536.jpg 1085w\" sizes=\"auto, (max-width: 1271px) 100vw, 1271px\" \/>\n                      <div class=\"h-image__frame h-hide-lg h-hide-md h-hide-sm style-828-frameImage style-local-1682-c9-frameImage\"><\/div>\n                    <\/div>\n                  <\/div>\n                <\/div>\n              <\/div>\n            <\/div>\n          <\/div>\n        <\/div>\n      <\/div>\n    <\/div>\n  <\/div>\n<\/div>","protected":false},"excerpt":{"rendered":"<p>Realizacja d\u017awi\u0119ku i techniki sceny podczas koncertu Patriotyczno-Uwielbieniowego \u201eU St\u00f3p Kr\u00f3lowej Polski Koncert Wiary i Wono\u015bci\u201d na B\u0142oniach przy Golgocie w Sanktuarium Matki Bo\u017cej Bolesnej Kr\u00f3lowej Polski w Ka\u0142kowie-Godowie www.echodnia.eu &#8211;&nbsp;W Ka\u0142kowie odby\u0142 si\u0119 wielki Koncert Patriotyczno-Uwielbieniowy \u201eU St\u00f3p Kr\u00f3lowej Polski&#8221;: Zobacz<\/p>\n","protected":false},"author":1,"featured_media":0,"parent":0,"menu_order":0,"comment_status":"closed","ping_status":"closed","template":"page-templates\/full-width-page.php","meta":{"_exactmetrics_skip_tracking":false,"_exactmetrics_sitenote_active":false,"_exactmetrics_sitenote_note":"","_exactmetrics_sitenote_category":0,"footnotes":""},"class_list":["post-1682","page","type-page","status-publish","hentry"],"aioseo_notices":[],"_links":{"self":[{"href":"http:\/\/zespoltoon.pl\/blog\/wp-json\/wp\/v2\/pages\/1682","targetHints":{"allow":["GET"]}}],"collection":[{"href":"http:\/\/zespoltoon.pl\/blog\/wp-json\/wp\/v2\/pages"}],"about":[{"href":"http:\/\/zespoltoon.pl\/blog\/wp-json\/wp\/v2\/types\/page"}],"author":[{"embeddable":true,"href":"http:\/\/zespoltoon.pl\/blog\/wp-json\/wp\/v2\/users\/1"}],"replies":[{"embeddable":true,"href":"http:\/\/zespoltoon.pl\/blog\/wp-json\/wp\/v2\/comments?post=1682"}],"version-history":[{"count":2,"href":"http:\/\/zespoltoon.pl\/blog\/wp-json\/wp\/v2\/pages\/1682\/revisions"}],"predecessor-version":[{"id":1701,"href":"http:\/\/zespoltoon.pl\/blog\/wp-json\/wp\/v2\/pages\/1682\/revisions\/1701"}],"wp:attachment":[{"href":"http:\/\/zespoltoon.pl\/blog\/wp-json\/wp\/v2\/media?parent=1682"}],"curies":[{"name":"wp","href":"https:\/\/api.w.org\/{rel}","templated":true}]}}

Koncert wiary i wolności w Kałkowie-Godowie

<div data-colibri-id="1682-c1" class="style-820 style-local-1682-c1 position-relative">
  <!---->
  <div data-colibri-component="section" data-colibri-id="1682-c6" id="custom" class="h-section h-section-global-spacing d-flex align-items-lg-center align-items-md-center align-items-center style-825 style-local-1682-c6 position-relative">
    <!---->
    <!---->
    <div class="h-section-grid-container h-section-boxed-container">
      <!---->
      <div data-colibri-id="1682-c10" class="h-row-container gutters-row-lg-2 gutters-row-md-2 gutters-row-0 gutters-row-v-lg-2 gutters-row-v-md-2 gutters-row-v-2 style-829 style-local-1682-c10 position-relative">
        <!---->
        <div class="h-row justify-content-lg-center justify-content-md-center justify-content-center align-items-lg-stretch align-items-md-stretch align-items-stretch gutters-col-lg-2 gutters-col-md-2 gutters-col-0 gutters-col-v-lg-2 gutters-col-v-md-2 gutters-col-v-2">
          <!---->
          <div class="h-column h-column-container d-flex h-col-lg-auto h-col-md-auto h-col-auto style-830-outer style-local-1682-c11-outer">
            <div data-colibri-id="1682-c11" class="d-flex h-flex-basis h-column__inner h-px-lg-2 h-px-md-2 h-px-2 v-inner-lg-2 v-inner-md-2 v-inner-2 style-830 style-local-1682-c11 position-relative">
              <!---->
              <!---->
              <div class="w-100 h-y-container h-column__content h-column__v-align flex-basis-100 align-self-lg-start align-self-md-start align-self-start">
                <!---->
                <div data-colibri-id="1682-c13" class="h-global-transition-all h-heading style-832 style-local-1682-c13 position-relative h-element">
                  <!---->
                  <div class="h-heading__outer style-832 style-local-1682-c13">
                    <!---->
                    <!---->
                    <h4 class="">Realizacja dźwięku i techniki sceny podczas koncertu Patriotyczno-Uwielbieniowego „U Stóp Królowej Polski Koncert Wiary i Woności” na Błoniach przy Golgocie w Sanktuarium Matki Bożej Bolesnej Królowej Polski w Kałkowie-Godowie</h4>
                  </div>
                </div>
              </div>
            </div>
          </div>
        </div>
      </div>
      <div data-colibri-id="1682-c14" class="h-row-container gutters-row-lg-2 gutters-row-md-2 gutters-row-0 gutters-row-v-lg-2 gutters-row-v-md-2 gutters-row-v-2 style-833 style-local-1682-c14 position-relative">
        <!---->
        <div class="h-row justify-content-lg-center justify-content-md-center justify-content-center align-items-lg-stretch align-items-md-stretch align-items-stretch gutters-col-lg-2 gutters-col-md-2 gutters-col-0 gutters-col-v-lg-2 gutters-col-v-md-2 gutters-col-v-2">
          <!---->
          <div class="h-column h-column-container d-flex h-col-lg-auto h-col-md-auto h-col-auto style-834-outer style-local-1682-c15-outer">
            <div data-colibri-id="1682-c15" class="d-flex h-flex-basis h-column__inner h-px-lg-2 h-px-md-2 h-px-2 v-inner-lg-2 v-inner-md-2 v-inner-2 style-834 style-local-1682-c15 position-relative">
              <!---->
              <!---->
              <div class="w-100 h-y-container h-column__content h-column__v-align flex-basis-100 align-self-lg-start align-self-md-start align-self-start">
                <!---->
                <div data-colibri-id="1682-c17" class="h-text h-text-component style-836 style-local-1682-c17 position-relative h-element">
                  <!---->
                  <!---->
                  <div class="">
                    <p>www.echodnia.eu &#8211;&nbsp;W Kałkowie odbył się wielki Koncert Patriotyczno-Uwielbieniowy „U Stóp Królowej Polski&#8221;:
                      <a href="https://echodnia.eu/swietokrzyskie/w-kalkowie-odbyl-sie-wielki-koncert-patriotyczno-uwielbieniowy-u-stop-krolowej-polski/ar/c1p2-27930253">Zobacz</a>
                    </p>
                  </div>
                </div>
              </div>
            </div>
          </div>
        </div>
      </div>
      <div data-colibri-id="1682-c7" class="h-row-container gutters-row-lg-2 gutters-row-md-2 gutters-row-0 gutters-row-v-lg-2 gutters-row-v-md-2 gutters-row-v-2 style-826 style-local-1682-c7 position-relative">
        <!---->
        <div class="h-row justify-content-lg-center justify-content-md-center justify-content-center align-items-lg-stretch align-items-md-stretch align-items-stretch gutters-col-lg-2 gutters-col-md-2 gutters-col-0 gutters-col-v-lg-2 gutters-col-v-md-2 gutters-col-v-2">
          <!---->
          <div class="h-column h-column-container d-flex h-col-lg-auto h-col-md-auto h-col-auto style-827-outer style-local-1682-c8-outer">
            <div data-colibri-id="1682-c8" class="d-flex h-flex-basis h-column__inner h-px-lg-2 h-px-md-2 h-px-2 v-inner-lg-2 v-inner-md-2 v-inner-2 style-827 style-local-1682-c8 position-relative">
              <!---->
              <!---->
              <div class="w-100 h-y-container h-column__content h-column__v-align flex-basis-100 align-self-lg-start align-self-md-start align-self-start">
                <!---->
                <div data-colibri-id="1682-c9" class="d-block style-828 style-local-1682-c9 position-relative h-element">
                  <!---->
                  <div class="h-image__frame-container-outer">
                    <div class="h-image__frame-container">
                      <!---->
                      <!---->
                      <img loading="lazy" decoding="async" width="1271" height="1800" src="http://zespoltoon.pl/blog/wp-content/uploads/2025/09/cropped-514272521_1204062638428806_547711593469386309_n.jpg" class="wp-image-1686 style-828-image style-local-1682-c9-image" alt="" srcset="http://zespoltoon.pl/blog/wp-content/uploads/2025/09/cropped-514272521_1204062638428806_547711593469386309_n.jpg 1271w, http://zespoltoon.pl/blog/wp-content/uploads/2025/09/cropped-514272521_1204062638428806_547711593469386309_n-212x300.jpg 212w, http://zespoltoon.pl/blog/wp-content/uploads/2025/09/cropped-514272521_1204062638428806_547711593469386309_n-723x1024.jpg 723w, http://zespoltoon.pl/blog/wp-content/uploads/2025/09/cropped-514272521_1204062638428806_547711593469386309_n-768x1088.jpg 768w, http://zespoltoon.pl/blog/wp-content/uploads/2025/09/cropped-514272521_1204062638428806_547711593469386309_n-1085x1536.jpg 1085w" sizes="auto, (max-width: 1271px) 100vw, 1271px" />
                      <div class="h-image__frame h-hide-lg h-hide-md h-hide-sm style-828-frameImage style-local-1682-c9-frameImage"></div>
                    </div>
                  </div>
                </div>
              </div>
            </div>
          </div>
        </div>
      </div>
    </div>
  </div>
</div>

<p>Realizacja dźwięku i techniki sceny podczas koncertu Patriotyczno-Uwielbieniowego „U Stóp Królowej Polski Koncert Wiary i Woności” na Błoniach przy Golgocie w Sanktuarium Matki Bożej Bolesnej Królowej Polski w Kałkowie-Godowie www.echodnia.eu &#8211;&nbsp;W Kałkowie odbył się wielki Koncert Patriotyczno-Uwielbieniowy „U Stóp Królowej Polski&#8221;: Zobacz</p>
