{"id":1847,"date":"2026-01-19T11:41:30","date_gmt":"2026-01-19T11:41:30","guid":{"rendered":"http:\/\/zespoltoon.pl\/blog\/?page_id=1847"},"modified":"2026-01-30T11:47:39","modified_gmt":"2026-01-30T11:47:39","slug":"2025-2","status":"publish","type":"page","link":"http:\/\/zespoltoon.pl\/blog\/2025-2\/","title":{"rendered":"2025"},"content":{"rendered":"<div data-colibri-id=\"1847-c1\" class=\"style-1467 style-local-1847-c1 position-relative\">\n  <!---->\n  <div data-colibri-component=\"section\" data-colibri-id=\"1847-c6\" id=\"custom\" class=\"h-section h-section-global-spacing d-flex align-items-lg-center align-items-md-center align-items-center style-1472 style-local-1847-c6 position-relative\">\n    <!---->\n    <!---->\n    <div class=\"h-section-grid-container h-section-boxed-container\">\n      <!---->\n      <div data-colibri-id=\"1847-c7\" class=\"h-row-container gutters-row-lg-2 gutters-row-md-2 gutters-row-0 gutters-row-v-lg-2 gutters-row-v-md-2 gutters-row-v-2 style-1473 style-local-1847-c7 position-relative\">\n        <!---->\n        <div class=\"h-row justify-content-lg-center justify-content-md-center justify-content-center align-items-lg-stretch align-items-md-stretch align-items-stretch gutters-col-lg-2 gutters-col-md-2 gutters-col-0 gutters-col-v-lg-2 gutters-col-v-md-2 gutters-col-v-2\">\n          <!---->\n          <div class=\"h-column h-column-container d-flex h-col-lg-auto h-col-md-auto h-col-auto style-1474-outer style-local-1847-c8-outer\">\n            <div data-colibri-id=\"1847-c8\" class=\"d-flex h-flex-basis h-column__inner h-px-lg-2 h-px-md-2 h-px-2 v-inner-lg-2 v-inner-md-2 v-inner-2 style-1474 style-local-1847-c8 position-relative\">\n              <!---->\n              <!---->\n              <div class=\"w-100 h-y-container h-column__content h-column__v-align flex-basis-100 align-self-lg-start align-self-md-start align-self-start\">\n                <!---->\n                <div data-colibri-id=\"1847-c9\" class=\"h-global-transition-all h-heading style-1475 style-local-1847-c9 position-relative h-element\">\n                  <!---->\n                  <div class=\"h-heading__outer style-1475 style-local-1847-c9\">\n                    <!---->\n                    <!---->\n                    <h1 class=\"\">Koncerty w roku 2025<\/h1>\n                  <\/div>\n                <\/div>\n              <\/div>\n            <\/div>\n          <\/div>\n        <\/div>\n      <\/div>\n      <div data-colibri-id=\"1847-c10\" class=\"h-row-container gutters-row-lg-2 gutters-row-md-2 gutters-row-0 gutters-row-v-lg-2 gutters-row-v-md-2 gutters-row-v-2 style-1476 style-local-1847-c10 position-relative\">\n        <!---->\n        <div class=\"h-row justify-content-lg-center justify-content-md-center justify-content-center align-items-lg-stretch align-items-md-stretch align-items-stretch gutters-col-lg-2 gutters-col-md-2 gutters-col-0 gutters-col-v-lg-2 gutters-col-v-md-2 gutters-col-v-2\">\n          <!---->\n          <div class=\"h-column h-column-container d-flex h-col-lg-auto h-col-md-auto h-col-auto style-1477-outer style-local-1847-c11-outer\">\n            <div data-colibri-id=\"1847-c11\" class=\"d-flex h-flex-basis h-column__inner h-px-lg-2 h-px-md-2 h-px-2 v-inner-lg-2 v-inner-md-2 v-inner-2 style-1477 style-local-1847-c11 position-relative\">\n              <!---->\n              <!---->\n              <div class=\"w-100 h-y-container h-column__content h-column__v-align flex-basis-100 align-self-lg-start align-self-md-start align-self-start\">\n                <!---->\n                <div data-colibri-id=\"1847-c12\" class=\"h-text h-text-component style-1478 style-local-1847-c12 position-relative h-element\">\n                  <!---->\n                  <!---->\n                  <div class=\"\">\n                    <p>11 stycznia 2025&nbsp;\u2013 \u0141opuszno<\/p>\n                    <p>8 lutego 2025&nbsp;\u2013&nbsp;FORUM KIERUNEK UWIELBIENIE<\/p>\n                    <p>15 lutego 2025&nbsp;\u2013 par. \u015bw. Jadwigi w Kielcach<\/p>\n                    <p>29 marca 2025&nbsp;\u2013 Bielsko \u2013 Bia\u0142a<\/p>\n                    <p>13 kwietnia 2025&nbsp;\u2013 Pietraszki<\/p>\n                    <p>26 kwietnia 2025&nbsp;\u2013&nbsp;Ksi\u0105\u017c Wielki<\/p>\n                    <p>17 maja 2025&nbsp;\u2013 par. MB Fatimskiej \u2013 Kielce \u2013 Dyminy&nbsp;<\/p>\n                    <p>1 czerwca 2025&nbsp;\u2013 Charsznica<\/p>\n                    <p>8 czerwca 2025&nbsp;\u2013 Chmielnik<\/p>\n                    <p>14 czerwca 2025&nbsp;\u2013&nbsp;UWIELBIENIE W CENTRUM MIASTA KIELCE<\/p>\n                    <p>29 czerwca 2025&nbsp;\u2013 Pe\u0142czyska<\/p>\n                    <p>12 lipca 2025&nbsp;\u2013 \u201eWioska India\u0144ska\u201d \u2013 Zaborze<\/p>\n                    <p>10 sierpnia 2025&nbsp;\u2013 APEL Kieleckiej Pieszej Pielgrzymki na Jasn\u0105 G\u00f3r\u0119 \u2013 W\u0142oszczowa&nbsp;<\/p>\n                    <p>15 sierpnia 2025&nbsp;\u2013 Uwielbienie po pokazie 4. Sezonu serialu The Chosen \u2013 Kielce&nbsp;<\/p>\n                    <p>31 sierpnia 2025&nbsp;\u2013 \u201eU st\u00f3p Kr\u00f3lowej Polski Koncert Wiary i Wolno\u015bci\u201d \u2013 Sanktuarium Ka\u0142k\u00f3w-God\u00f3w<\/p>\n                    <p>4 pa\u017adziernika 2025&nbsp;\u2013 Aula WSD w Kielcach \u2013 Magisterski Koncert Dyplomowy ks. Paw\u0142a Reja<\/p>\n                    <p>22&nbsp;listopada 2025&nbsp;\u2013 Targi Kielce \u2013 40. \u015awiatowe Dni M\u0142odzie\u017cy<\/p>\n                    <p>13 grudnia&nbsp;\u2013 par. pw. Matki Bo\u017cej Nieustaj\u0105cej Pomocy w Cierchach<\/p>\n                    <p>20 grudnia&nbsp;\u2013 Koncert Charytatywny \u201eAnio\u0142y daj\u0105 skrzyd\u0142a\u201d \u2013 WSD w Kielcach<\/p>\n                    <p>\n                      <br>\n                    <\/p>\n                  <\/div>\n                <\/div>\n              <\/div>\n            <\/div>\n          <\/div>\n        <\/div>\n      <\/div>\n    <\/div>\n  <\/div>\n<\/div>","protected":false},"excerpt":{"rendered":"<p>Koncerty w roku 2025 11 stycznia 2025&nbsp;\u2013 \u0141opuszno 8 lutego 2025&nbsp;\u2013&nbsp;FORUM KIERUNEK UWIELBIENIE 15 lutego 2025&nbsp;\u2013 par. \u015bw. Jadwigi w Kielcach 29 marca 2025&nbsp;\u2013 Bielsko \u2013 Bia\u0142a 13 kwietnia 2025&nbsp;\u2013 Pietraszki 26 kwietnia 2025&nbsp;\u2013&nbsp;Ksi\u0105\u017c Wielki 17 maja 2025&nbsp;\u2013 par. MB Fatimskiej \u2013 Kielce \u2013 Dyminy&nbsp; 1 czerwca 2025&nbsp;\u2013 Charsznica 8 czerwca 2025&nbsp;\u2013 Chmielnik 14 czerwca [&hellip;]<\/p>\n","protected":false},"author":1,"featured_media":0,"parent":0,"menu_order":0,"comment_status":"closed","ping_status":"closed","template":"page-templates\/full-width-page.php","meta":{"_exactmetrics_skip_tracking":false,"_exactmetrics_sitenote_active":false,"_exactmetrics_sitenote_note":"","_exactmetrics_sitenote_category":0,"footnotes":""},"class_list":["post-1847","page","type-page","status-publish","hentry"],"aioseo_notices":[],"_links":{"self":[{"href":"http:\/\/zespoltoon.pl\/blog\/wp-json\/wp\/v2\/pages\/1847","targetHints":{"allow":["GET"]}}],"collection":[{"href":"http:\/\/zespoltoon.pl\/blog\/wp-json\/wp\/v2\/pages"}],"about":[{"href":"http:\/\/zespoltoon.pl\/blog\/wp-json\/wp\/v2\/types\/page"}],"author":[{"embeddable":true,"href":"http:\/\/zespoltoon.pl\/blog\/wp-json\/wp\/v2\/users\/1"}],"replies":[{"embeddable":true,"href":"http:\/\/zespoltoon.pl\/blog\/wp-json\/wp\/v2\/comments?post=1847"}],"version-history":[{"count":2,"href":"http:\/\/zespoltoon.pl\/blog\/wp-json\/wp\/v2\/pages\/1847\/revisions"}],"predecessor-version":[{"id":2961,"href":"http:\/\/zespoltoon.pl\/blog\/wp-json\/wp\/v2\/pages\/1847\/revisions\/2961"}],"wp:attachment":[{"href":"http:\/\/zespoltoon.pl\/blog\/wp-json\/wp\/v2\/media?parent=1847"}],"curies":[{"name":"wp","href":"https:\/\/api.w.org\/{rel}","templated":true}]}}

<div data-colibri-id="1847-c1" class="style-1467 style-local-1847-c1 position-relative">
  <!---->
  <div data-colibri-component="section" data-colibri-id="1847-c6" id="custom" class="h-section h-section-global-spacing d-flex align-items-lg-center align-items-md-center align-items-center style-1472 style-local-1847-c6 position-relative">
    <!---->
    <!---->
    <div class="h-section-grid-container h-section-boxed-container">
      <!---->
      <div data-colibri-id="1847-c7" class="h-row-container gutters-row-lg-2 gutters-row-md-2 gutters-row-0 gutters-row-v-lg-2 gutters-row-v-md-2 gutters-row-v-2 style-1473 style-local-1847-c7 position-relative">
        <!---->
        <div class="h-row justify-content-lg-center justify-content-md-center justify-content-center align-items-lg-stretch align-items-md-stretch align-items-stretch gutters-col-lg-2 gutters-col-md-2 gutters-col-0 gutters-col-v-lg-2 gutters-col-v-md-2 gutters-col-v-2">
          <!---->
          <div class="h-column h-column-container d-flex h-col-lg-auto h-col-md-auto h-col-auto style-1474-outer style-local-1847-c8-outer">
            <div data-colibri-id="1847-c8" class="d-flex h-flex-basis h-column__inner h-px-lg-2 h-px-md-2 h-px-2 v-inner-lg-2 v-inner-md-2 v-inner-2 style-1474 style-local-1847-c8 position-relative">
              <!---->
              <!---->
              <div class="w-100 h-y-container h-column__content h-column__v-align flex-basis-100 align-self-lg-start align-self-md-start align-self-start">
                <!---->
                <div data-colibri-id="1847-c9" class="h-global-transition-all h-heading style-1475 style-local-1847-c9 position-relative h-element">
                  <!---->
                  <div class="h-heading__outer style-1475 style-local-1847-c9">
                    <!---->
                    <!---->
                    <h1 class="">Koncerty w roku 2025</h1>
                  </div>
                </div>
              </div>
            </div>
          </div>
        </div>
      </div>
      <div data-colibri-id="1847-c10" class="h-row-container gutters-row-lg-2 gutters-row-md-2 gutters-row-0 gutters-row-v-lg-2 gutters-row-v-md-2 gutters-row-v-2 style-1476 style-local-1847-c10 position-relative">
        <!---->
        <div class="h-row justify-content-lg-center justify-content-md-center justify-content-center align-items-lg-stretch align-items-md-stretch align-items-stretch gutters-col-lg-2 gutters-col-md-2 gutters-col-0 gutters-col-v-lg-2 gutters-col-v-md-2 gutters-col-v-2">
          <!---->
          <div class="h-column h-column-container d-flex h-col-lg-auto h-col-md-auto h-col-auto style-1477-outer style-local-1847-c11-outer">
            <div data-colibri-id="1847-c11" class="d-flex h-flex-basis h-column__inner h-px-lg-2 h-px-md-2 h-px-2 v-inner-lg-2 v-inner-md-2 v-inner-2 style-1477 style-local-1847-c11 position-relative">
              <!---->
              <!---->
              <div class="w-100 h-y-container h-column__content h-column__v-align flex-basis-100 align-self-lg-start align-self-md-start align-self-start">
                <!---->
                <div data-colibri-id="1847-c12" class="h-text h-text-component style-1478 style-local-1847-c12 position-relative h-element">
                  <!---->
                  <!---->
                  <div class="">
                    <p>11 stycznia 2025&nbsp;– Łopuszno</p>
                    <p>8 lutego 2025&nbsp;–&nbsp;FORUM KIERUNEK UWIELBIENIE</p>
                    <p>15 lutego 2025&nbsp;– par. św. Jadwigi w Kielcach</p>
                    <p>29 marca 2025&nbsp;– Bielsko – Biała</p>
                    <p>13 kwietnia 2025&nbsp;– Pietraszki</p>
                    <p>26 kwietnia 2025&nbsp;–&nbsp;Książ Wielki</p>
                    <p>17 maja 2025&nbsp;– par. MB Fatimskiej – Kielce – Dyminy&nbsp;</p>
                    <p>1 czerwca 2025&nbsp;– Charsznica</p>
                    <p>8 czerwca 2025&nbsp;– Chmielnik</p>
                    <p>14 czerwca 2025&nbsp;–&nbsp;UWIELBIENIE W CENTRUM MIASTA KIELCE</p>
                    <p>29 czerwca 2025&nbsp;– Pełczyska</p>
                    <p>12 lipca 2025&nbsp;– „Wioska Indiańska” – Zaborze</p>
                    <p>10 sierpnia 2025&nbsp;– APEL Kieleckiej Pieszej Pielgrzymki na Jasną Górę – Włoszczowa&nbsp;</p>
                    <p>15 sierpnia 2025&nbsp;– Uwielbienie po pokazie 4. Sezonu serialu The Chosen – Kielce&nbsp;</p>
                    <p>31 sierpnia 2025&nbsp;– „U stóp Królowej Polski Koncert Wiary i Wolności” – Sanktuarium Kałków-Godów</p>
                    <p>4 października 2025&nbsp;– Aula WSD w Kielcach – Magisterski Koncert Dyplomowy ks. Pawła Reja</p>
                    <p>22&nbsp;listopada 2025&nbsp;– Targi Kielce – 40. Światowe Dni Młodzieży</p>
                    <p>13 grudnia&nbsp;– par. pw. Matki Bożej Nieustającej Pomocy w Cierchach</p>
                    <p>20 grudnia&nbsp;– Koncert Charytatywny „Anioły dają skrzydła” – WSD w Kielcach</p>
                    <p>
                      <br>
                    </p>
                  </div>
                </div>
              </div>
            </div>
          </div>
        </div>
      </div>
    </div>
  </div>
</div>

<p>Koncerty w roku 2025 11 stycznia 2025&nbsp;– Łopuszno 8 lutego 2025&nbsp;–&nbsp;FORUM KIERUNEK UWIELBIENIE 15 lutego 2025&nbsp;– par. św. Jadwigi w Kielcach 29 marca 2025&nbsp;– Bielsko – Biała 13 kwietnia 2025&nbsp;– Pietraszki 26 kwietnia 2025&nbsp;–&nbsp;Książ Wielki 17 maja 2025&nbsp;– par. MB Fatimskiej – Kielce – Dyminy&nbsp; 1 czerwca 2025&nbsp;– Charsznica 8 czerwca 2025&nbsp;– Chmielnik 14 czerwca [&hellip;]</p>
