{"id":2430,"date":"2026-01-27T09:31:12","date_gmt":"2026-01-27T09:31:12","guid":{"rendered":"http:\/\/zespoltoon.pl\/blog\/?page_id=2430"},"modified":"2026-01-29T07:48:42","modified_gmt":"2026-01-29T07:48:42","slug":"40-swiatowe-dni-mlodziezy-w-diecezji-kieleckiej","status":"publish","type":"page","link":"http:\/\/zespoltoon.pl\/blog\/40-swiatowe-dni-mlodziezy-w-diecezji-kieleckiej\/","title":{"rendered":"40. \u015awiatowe Dni M\u0142odzie\u017cy w Diecezji Kieleckiej"},"content":{"rendered":"<div data-colibri-id=\"2430-c1\" class=\"style-1189 style-local-2430-c1 position-relative\">\n  <!---->\n  <div data-colibri-component=\"section\" data-colibri-id=\"2430-c2\" id=\"custom\" class=\"h-section h-section-global-spacing d-flex align-items-lg-center align-items-md-center align-items-center style-1190 style-local-2430-c2 position-relative\">\n    <!---->\n    <!---->\n    <div class=\"h-section-grid-container h-section-boxed-container\">\n      <!---->\n      <div data-colibri-id=\"2430-c3\" class=\"h-row-container gutters-row-lg-2 gutters-row-md-2 gutters-row-0 gutters-row-v-lg-2 gutters-row-v-md-2 gutters-row-v-2 style-1191 style-local-2430-c3 position-relative\">\n        <!---->\n        <div class=\"h-row justify-content-lg-center justify-content-md-center justify-content-center align-items-lg-stretch align-items-md-stretch align-items-stretch gutters-col-lg-2 gutters-col-md-2 gutters-col-0 gutters-col-v-lg-2 gutters-col-v-md-2 gutters-col-v-2\">\n          <!---->\n          <div class=\"h-column h-column-container d-flex h-col-lg-auto h-col-md-auto h-col-auto style-1192-outer style-local-2430-c4-outer\">\n            <div data-colibri-id=\"2430-c4\" class=\"d-flex h-flex-basis h-column__inner h-px-lg-2 h-px-md-2 h-px-2 v-inner-lg-2 v-inner-md-2 v-inner-2 style-1192 style-local-2430-c4 position-relative\">\n              <!---->\n              <!---->\n              <div class=\"w-100 h-y-container h-column__content h-column__v-align flex-basis-100 align-self-lg-start align-self-md-start align-self-start\">\n                <!---->\n                <div data-colibri-id=\"2430-c5\" class=\"h-text h-text-component style-1193 style-local-2430-c5 position-relative h-element\">\n                  <!---->\n                  <!---->\n                  <div class=\"\">\n                    <p>Wsp\u00f3\u0142organizacja, realizacja d\u017awi\u0119ku, techniki sceny i koncert podczas obchod\u00f3w 40. \u015awiatowych Dni M\u0142odzie\u017cy w Diecezji Kieleckiej.<\/p>\n                    <p><strong>22 listopada 2025<\/strong><\/p>\n                  <\/div>\n                <\/div>\n              <\/div>\n            <\/div>\n          <\/div>\n        <\/div>\n      <\/div>\n      <div data-colibri-id=\"2430-c6\" class=\"h-row-container gutters-row-lg-2 gutters-row-md-2 gutters-row-0 gutters-row-v-lg-2 gutters-row-v-md-2 gutters-row-v-2 style-1194 style-local-2430-c6 position-relative\">\n        <!---->\n        <div class=\"h-row justify-content-lg-center justify-content-md-center justify-content-center align-items-lg-stretch align-items-md-stretch align-items-stretch gutters-col-lg-2 gutters-col-md-2 gutters-col-0 gutters-col-v-lg-2 gutters-col-v-md-2 gutters-col-v-2\">\n          <!---->\n          <div class=\"h-column h-column-container d-flex h-col-lg-auto h-col-md-auto h-col-auto style-1195-outer style-local-2430-c7-outer\">\n            <div data-colibri-id=\"2430-c7\" class=\"d-flex h-flex-basis h-column__inner h-px-lg-2 h-px-md-2 h-px-2 v-inner-lg-2 v-inner-md-2 v-inner-2 style-1195 style-local-2430-c7 position-relative\">\n              <!---->\n              <!---->\n              <div class=\"w-100 h-y-container h-column__content h-column__v-align flex-basis-100 align-self-lg-start align-self-md-start align-self-start\">\n                <!---->\n                <div data-colibri-id=\"2430-c8\" class=\"h-x-container style-1196 style-local-2430-c8 position-relative h-element\">\n                  <!---->\n                  <div class=\"h-x-container-inner style-dynamic-2430-c8-group style-1196-spacing style-local-2430-c8-spacing\"><span class=\"h-button__outer style-1197-outer style-local-2430-c9-outer d-inline-flex h-element\"><a h-use-smooth-scroll=\"true\" href=\"https:\/\/emkielce.pl\/kosciol\/swiadczyc-od-poczatku-40-swiatowe-dni-mlodziezy-diecezji-kieleckiej\"  data-colibri-id=\"2430-c9\" class=\"d-flex w-100 align-items-center h-button justify-content-lg-center justify-content-md-center justify-content-center style-1197 style-local-2430-c9 position-relative\"><!----><!----> <span>Zobacz<\/span><\/a>\n                    <\/span>\n                  <\/div>\n                <\/div>\n              <\/div>\n            <\/div>\n          <\/div>\n        <\/div>\n      <\/div>\n      <div data-colibri-id=\"2430-c10\" class=\"h-row-container gutters-row-lg-2 gutters-row-md-2 gutters-row-0 gutters-row-v-lg-2 gutters-row-v-md-2 gutters-row-v-2 style-1198 style-local-2430-c10 position-relative\">\n        <!---->\n        <div class=\"h-row justify-content-lg-center justify-content-md-center justify-content-center align-items-lg-stretch align-items-md-stretch align-items-stretch gutters-col-lg-2 gutters-col-md-2 gutters-col-0 gutters-col-v-lg-2 gutters-col-v-md-2 gutters-col-v-2\">\n          <!---->\n          <div class=\"h-column h-column-container d-flex h-col-lg-auto h-col-md-auto h-col-auto style-1199-outer style-local-2430-c11-outer\">\n            <div data-colibri-id=\"2430-c11\" class=\"d-flex h-flex-basis h-column__inner h-px-lg-2 h-px-md-2 h-px-2 v-inner-lg-2 v-inner-md-2 v-inner-2 style-1199 style-local-2430-c11 position-relative\">\n              <!---->\n              <!---->\n              <div class=\"w-100 h-y-container h-column__content h-column__v-align flex-basis-100 align-self-lg-start align-self-md-start align-self-start\">\n                <!---->\n                <div data-colibri-id=\"2430-c12\" class=\"d-block style-1200 style-local-2430-c12 position-relative h-element\">\n                  <!---->\n                  <div class=\"h-image__frame-container-outer\">\n                    <div class=\"h-image__frame-container\">\n                      <!---->\n                      <!---->\n                      <img loading=\"lazy\" decoding=\"async\" width=\"1447\" height=\"2048\" src=\"http:\/\/zespoltoon.pl\/blog\/wp-content\/uploads\/2026\/01\/cropped-570370543_1249425600549293_9057616362667782892_n-1.jpg\" class=\"wp-image-2433 style-1200-image style-local-2430-c12-image\" alt=\"\" srcset=\"http:\/\/zespoltoon.pl\/blog\/wp-content\/uploads\/2026\/01\/cropped-570370543_1249425600549293_9057616362667782892_n-1.jpg 1447w, http:\/\/zespoltoon.pl\/blog\/wp-content\/uploads\/2026\/01\/cropped-570370543_1249425600549293_9057616362667782892_n-1-212x300.jpg 212w, http:\/\/zespoltoon.pl\/blog\/wp-content\/uploads\/2026\/01\/cropped-570370543_1249425600549293_9057616362667782892_n-1-724x1024.jpg 724w, http:\/\/zespoltoon.pl\/blog\/wp-content\/uploads\/2026\/01\/cropped-570370543_1249425600549293_9057616362667782892_n-1-768x1087.jpg 768w, http:\/\/zespoltoon.pl\/blog\/wp-content\/uploads\/2026\/01\/cropped-570370543_1249425600549293_9057616362667782892_n-1-1085x1536.jpg 1085w\" sizes=\"auto, (max-width: 1447px) 100vw, 1447px\" \/>\n                      <div class=\"h-image__frame h-hide-lg h-hide-md h-hide-sm style-1200-frameImage style-local-2430-c12-frameImage\"><\/div>\n                    <\/div>\n                  <\/div>\n                <\/div>\n              <\/div>\n            <\/div>\n          <\/div>\n        <\/div>\n      <\/div>\n    <\/div>\n  <\/div>\n<\/div>","protected":false},"excerpt":{"rendered":"<p>Wsp\u00f3\u0142organizacja, realizacja d\u017awi\u0119ku, techniki sceny i koncert podczas obchod\u00f3w 40. \u015awiatowych Dni M\u0142odzie\u017cy w Diecezji Kieleckiej. 22 listopada 2025 Zobacz<\/p>\n","protected":false},"author":1,"featured_media":0,"parent":0,"menu_order":0,"comment_status":"closed","ping_status":"closed","template":"page-templates\/full-width-page.php","meta":{"_exactmetrics_skip_tracking":false,"_exactmetrics_sitenote_active":false,"_exactmetrics_sitenote_note":"","_exactmetrics_sitenote_category":0,"footnotes":""},"class_list":["post-2430","page","type-page","status-publish","hentry"],"aioseo_notices":[],"_links":{"self":[{"href":"http:\/\/zespoltoon.pl\/blog\/wp-json\/wp\/v2\/pages\/2430","targetHints":{"allow":["GET"]}}],"collection":[{"href":"http:\/\/zespoltoon.pl\/blog\/wp-json\/wp\/v2\/pages"}],"about":[{"href":"http:\/\/zespoltoon.pl\/blog\/wp-json\/wp\/v2\/types\/page"}],"author":[{"embeddable":true,"href":"http:\/\/zespoltoon.pl\/blog\/wp-json\/wp\/v2\/users\/1"}],"replies":[{"embeddable":true,"href":"http:\/\/zespoltoon.pl\/blog\/wp-json\/wp\/v2\/comments?post=2430"}],"version-history":[{"count":3,"href":"http:\/\/zespoltoon.pl\/blog\/wp-json\/wp\/v2\/pages\/2430\/revisions"}],"predecessor-version":[{"id":2798,"href":"http:\/\/zespoltoon.pl\/blog\/wp-json\/wp\/v2\/pages\/2430\/revisions\/2798"}],"wp:attachment":[{"href":"http:\/\/zespoltoon.pl\/blog\/wp-json\/wp\/v2\/media?parent=2430"}],"curies":[{"name":"wp","href":"https:\/\/api.w.org\/{rel}","templated":true}]}}

40. Światowe Dni Młodzieży w Diecezji Kieleckiej

<div data-colibri-id="2430-c1" class="style-1189 style-local-2430-c1 position-relative">
  <!---->
  <div data-colibri-component="section" data-colibri-id="2430-c2" id="custom" class="h-section h-section-global-spacing d-flex align-items-lg-center align-items-md-center align-items-center style-1190 style-local-2430-c2 position-relative">
    <!---->
    <!---->
    <div class="h-section-grid-container h-section-boxed-container">
      <!---->
      <div data-colibri-id="2430-c3" class="h-row-container gutters-row-lg-2 gutters-row-md-2 gutters-row-0 gutters-row-v-lg-2 gutters-row-v-md-2 gutters-row-v-2 style-1191 style-local-2430-c3 position-relative">
        <!---->
        <div class="h-row justify-content-lg-center justify-content-md-center justify-content-center align-items-lg-stretch align-items-md-stretch align-items-stretch gutters-col-lg-2 gutters-col-md-2 gutters-col-0 gutters-col-v-lg-2 gutters-col-v-md-2 gutters-col-v-2">
          <!---->
          <div class="h-column h-column-container d-flex h-col-lg-auto h-col-md-auto h-col-auto style-1192-outer style-local-2430-c4-outer">
            <div data-colibri-id="2430-c4" class="d-flex h-flex-basis h-column__inner h-px-lg-2 h-px-md-2 h-px-2 v-inner-lg-2 v-inner-md-2 v-inner-2 style-1192 style-local-2430-c4 position-relative">
              <!---->
              <!---->
              <div class="w-100 h-y-container h-column__content h-column__v-align flex-basis-100 align-self-lg-start align-self-md-start align-self-start">
                <!---->
                <div data-colibri-id="2430-c5" class="h-text h-text-component style-1193 style-local-2430-c5 position-relative h-element">
                  <!---->
                  <!---->
                  <div class="">
                    <p>Współorganizacja, realizacja dźwięku, techniki sceny i koncert podczas obchodów 40. Światowych Dni Młodzieży w Diecezji Kieleckiej.</p>
                    <p><strong>22 listopada 2025</strong></p>
                  </div>
                </div>
              </div>
            </div>
          </div>
        </div>
      </div>
      <div data-colibri-id="2430-c6" class="h-row-container gutters-row-lg-2 gutters-row-md-2 gutters-row-0 gutters-row-v-lg-2 gutters-row-v-md-2 gutters-row-v-2 style-1194 style-local-2430-c6 position-relative">
        <!---->
        <div class="h-row justify-content-lg-center justify-content-md-center justify-content-center align-items-lg-stretch align-items-md-stretch align-items-stretch gutters-col-lg-2 gutters-col-md-2 gutters-col-0 gutters-col-v-lg-2 gutters-col-v-md-2 gutters-col-v-2">
          <!---->
          <div class="h-column h-column-container d-flex h-col-lg-auto h-col-md-auto h-col-auto style-1195-outer style-local-2430-c7-outer">
            <div data-colibri-id="2430-c7" class="d-flex h-flex-basis h-column__inner h-px-lg-2 h-px-md-2 h-px-2 v-inner-lg-2 v-inner-md-2 v-inner-2 style-1195 style-local-2430-c7 position-relative">
              <!---->
              <!---->
              <div class="w-100 h-y-container h-column__content h-column__v-align flex-basis-100 align-self-lg-start align-self-md-start align-self-start">
                <!---->
                <div data-colibri-id="2430-c8" class="h-x-container style-1196 style-local-2430-c8 position-relative h-element">
                  <!---->
                  <div class="h-x-container-inner style-dynamic-2430-c8-group style-1196-spacing style-local-2430-c8-spacing"><span class="h-button__outer style-1197-outer style-local-2430-c9-outer d-inline-flex h-element"><a h-use-smooth-scroll="true" href="https://emkielce.pl/kosciol/swiadczyc-od-poczatku-40-swiatowe-dni-mlodziezy-diecezji-kieleckiej"  data-colibri-id="2430-c9" class="d-flex w-100 align-items-center h-button justify-content-lg-center justify-content-md-center justify-content-center style-1197 style-local-2430-c9 position-relative"><!----><!----> <span>Zobacz</span></a>
                    </span>
                  </div>
                </div>
              </div>
            </div>
          </div>
        </div>
      </div>
      <div data-colibri-id="2430-c10" class="h-row-container gutters-row-lg-2 gutters-row-md-2 gutters-row-0 gutters-row-v-lg-2 gutters-row-v-md-2 gutters-row-v-2 style-1198 style-local-2430-c10 position-relative">
        <!---->
        <div class="h-row justify-content-lg-center justify-content-md-center justify-content-center align-items-lg-stretch align-items-md-stretch align-items-stretch gutters-col-lg-2 gutters-col-md-2 gutters-col-0 gutters-col-v-lg-2 gutters-col-v-md-2 gutters-col-v-2">
          <!---->
          <div class="h-column h-column-container d-flex h-col-lg-auto h-col-md-auto h-col-auto style-1199-outer style-local-2430-c11-outer">
            <div data-colibri-id="2430-c11" class="d-flex h-flex-basis h-column__inner h-px-lg-2 h-px-md-2 h-px-2 v-inner-lg-2 v-inner-md-2 v-inner-2 style-1199 style-local-2430-c11 position-relative">
              <!---->
              <!---->
              <div class="w-100 h-y-container h-column__content h-column__v-align flex-basis-100 align-self-lg-start align-self-md-start align-self-start">
                <!---->
                <div data-colibri-id="2430-c12" class="d-block style-1200 style-local-2430-c12 position-relative h-element">
                  <!---->
                  <div class="h-image__frame-container-outer">
                    <div class="h-image__frame-container">
                      <!---->
                      <!---->
                      <img loading="lazy" decoding="async" width="1447" height="2048" src="http://zespoltoon.pl/blog/wp-content/uploads/2026/01/cropped-570370543_1249425600549293_9057616362667782892_n-1.jpg" class="wp-image-2433 style-1200-image style-local-2430-c12-image" alt="" srcset="http://zespoltoon.pl/blog/wp-content/uploads/2026/01/cropped-570370543_1249425600549293_9057616362667782892_n-1.jpg 1447w, http://zespoltoon.pl/blog/wp-content/uploads/2026/01/cropped-570370543_1249425600549293_9057616362667782892_n-1-212x300.jpg 212w, http://zespoltoon.pl/blog/wp-content/uploads/2026/01/cropped-570370543_1249425600549293_9057616362667782892_n-1-724x1024.jpg 724w, http://zespoltoon.pl/blog/wp-content/uploads/2026/01/cropped-570370543_1249425600549293_9057616362667782892_n-1-768x1087.jpg 768w, http://zespoltoon.pl/blog/wp-content/uploads/2026/01/cropped-570370543_1249425600549293_9057616362667782892_n-1-1085x1536.jpg 1085w" sizes="auto, (max-width: 1447px) 100vw, 1447px" />
                      <div class="h-image__frame h-hide-lg h-hide-md h-hide-sm style-1200-frameImage style-local-2430-c12-frameImage"></div>
                    </div>
                  </div>
                </div>
              </div>
            </div>
          </div>
        </div>
      </div>
    </div>
  </div>
</div>

<p>Współorganizacja, realizacja dźwięku, techniki sceny i koncert podczas obchodów 40. Światowych Dni Młodzieży w Diecezji Kieleckiej. 22 listopada 2025 Zobacz</p>
