{"id":2515,"date":"2026-01-28T08:18:10","date_gmt":"2026-01-28T08:18:10","guid":{"rendered":"http:\/\/zespoltoon.pl\/blog\/?page_id=2515"},"modified":"2026-01-28T08:20:19","modified_gmt":"2026-01-28T08:20:19","slug":"zlot-fanow-roxette","status":"publish","type":"page","link":"http:\/\/zespoltoon.pl\/blog\/zlot-fanow-roxette\/","title":{"rendered":"Zlot fan\u00f3w Roxette"},"content":{"rendered":"<div data-colibri-id=\"2515-c1\" class=\"style-1225 style-local-2515-c1 position-relative\">\n  <!---->\n  <div data-colibri-component=\"section\" data-colibri-id=\"2515-c2\" id=\"custom\" class=\"h-section h-section-global-spacing d-flex align-items-lg-center align-items-md-center align-items-center style-1226 style-local-2515-c2 position-relative\">\n    <!---->\n    <!---->\n    <div class=\"h-section-grid-container h-section-boxed-container\">\n      <!---->\n      <div data-colibri-id=\"2515-c5\" class=\"h-row-container gutters-row-lg-2 gutters-row-md-2 gutters-row-0 gutters-row-v-lg-2 gutters-row-v-md-2 gutters-row-v-2 style-1229 style-local-2515-c5 position-relative\">\n        <!---->\n        <div class=\"h-row justify-content-lg-center justify-content-md-center justify-content-center align-items-lg-stretch align-items-md-stretch align-items-stretch gutters-col-lg-2 gutters-col-md-2 gutters-col-0 gutters-col-v-lg-2 gutters-col-v-md-2 gutters-col-v-2\">\n          <!---->\n          <div class=\"h-column h-column-container d-flex h-col-lg-auto h-col-md-auto h-col-auto style-1230-outer style-local-2515-c6-outer\">\n            <div data-colibri-id=\"2515-c6\" class=\"d-flex h-flex-basis h-column__inner h-px-lg-2 h-px-md-2 h-px-2 v-inner-lg-2 v-inner-md-2 v-inner-2 style-1230 style-local-2515-c6 position-relative\">\n              <!---->\n              <!---->\n              <div class=\"w-100 h-y-container h-column__content h-column__v-align flex-basis-100 align-self-lg-start align-self-md-start align-self-start\">\n                <!---->\n                <div data-colibri-id=\"2515-c7\" class=\"h-text h-text-component style-1231 style-local-2515-c7 position-relative h-element\">\n                  <!---->\n                  <!---->\n                  <div class=\"\">\n                    <p>Realizacja techniki nag\u0142o\u015bnieniowej i wsparcie techniczne, partnerstwo w organizacji wydarzenia&nbsp;<\/p>\n                    <p><strong>ROX fest PL<\/strong><\/p>\n                    <p>Og\u00f3lnopolskiego zlotu fan\u00f3w zespo\u0142u Roxette.<\/p>\n                    <p><strong>29 sierpnia 2025<\/strong><\/p>\n                  <\/div>\n                <\/div>\n                <div data-colibri-id=\"2515-c8\" class=\"h-x-container style-1232 style-local-2515-c8 position-relative h-element\">\n                  <!---->\n                  <div class=\"h-x-container-inner style-dynamic-2515-c8-group style-1232-spacing style-local-2515-c8-spacing\"><span class=\"h-link__outer style-1233-outer style-local-2515-c9-outer d-inline-flex h-element\"><a h-use-smooth-scroll=\"true\" href=\"https:\/\/www.palacykzielinskiego.pl\/imprezy\/2025\/621-rox-fest-pl-ogolnopolski-zlot-fanow-roxette\"  data-colibri-id=\"2515-c9\" class=\"d-flex w-100 align-items-center h-link style-1233 style-local-2515-c9 position-relative\"><!----><!----> <span>Wi\u0119cej<\/span><\/a>\n                    <\/span>\n                  <\/div>\n                <\/div>\n                <div data-colibri-id=\"2515-c10\" class=\"d-block style-1234 style-local-2515-c10 position-relative h-element\">\n                  <!---->\n                  <div class=\"h-image__frame-container-outer\">\n                    <div class=\"h-image__frame-container\">\n                      <!---->\n                      <!---->\n                      <img loading=\"lazy\" decoding=\"async\" width=\"1800\" height=\"947\" src=\"http:\/\/zespoltoon.pl\/blog\/wp-content\/uploads\/2026\/01\/cropped-20250829-roxanne-plakat.jpg\" class=\"wp-image-2519 style-1234-image style-local-2515-c10-image\" alt=\"\" srcset=\"http:\/\/zespoltoon.pl\/blog\/wp-content\/uploads\/2026\/01\/cropped-20250829-roxanne-plakat.jpg 1800w, http:\/\/zespoltoon.pl\/blog\/wp-content\/uploads\/2026\/01\/cropped-20250829-roxanne-plakat-300x158.jpg 300w, http:\/\/zespoltoon.pl\/blog\/wp-content\/uploads\/2026\/01\/cropped-20250829-roxanne-plakat-1024x539.jpg 1024w, http:\/\/zespoltoon.pl\/blog\/wp-content\/uploads\/2026\/01\/cropped-20250829-roxanne-plakat-768x404.jpg 768w, http:\/\/zespoltoon.pl\/blog\/wp-content\/uploads\/2026\/01\/cropped-20250829-roxanne-plakat-1536x808.jpg 1536w\" sizes=\"auto, (max-width: 1800px) 100vw, 1800px\" \/>\n                      <div class=\"h-image__frame h-hide-lg h-hide-md h-hide-sm style-1234-frameImage style-local-2515-c10-frameImage\"><\/div>\n                    <\/div>\n                  <\/div>\n                <\/div>\n              <\/div>\n            <\/div>\n          <\/div>\n        <\/div>\n      <\/div>\n    <\/div>\n  <\/div>\n<\/div>","protected":false},"excerpt":{"rendered":"<p>Realizacja techniki nag\u0142o\u015bnieniowej i wsparcie techniczne, partnerstwo w organizacji wydarzenia&nbsp; ROX fest PL Og\u00f3lnopolskiego zlotu fan\u00f3w zespo\u0142u Roxette. 29 sierpnia 2025 Wi\u0119cej<\/p>\n","protected":false},"author":1,"featured_media":0,"parent":0,"menu_order":0,"comment_status":"closed","ping_status":"closed","template":"page-templates\/full-width-page.php","meta":{"_exactmetrics_skip_tracking":false,"_exactmetrics_sitenote_active":false,"_exactmetrics_sitenote_note":"","_exactmetrics_sitenote_category":0,"footnotes":""},"class_list":["post-2515","page","type-page","status-publish","hentry"],"aioseo_notices":[],"_links":{"self":[{"href":"http:\/\/zespoltoon.pl\/blog\/wp-json\/wp\/v2\/pages\/2515","targetHints":{"allow":["GET"]}}],"collection":[{"href":"http:\/\/zespoltoon.pl\/blog\/wp-json\/wp\/v2\/pages"}],"about":[{"href":"http:\/\/zespoltoon.pl\/blog\/wp-json\/wp\/v2\/types\/page"}],"author":[{"embeddable":true,"href":"http:\/\/zespoltoon.pl\/blog\/wp-json\/wp\/v2\/users\/1"}],"replies":[{"embeddable":true,"href":"http:\/\/zespoltoon.pl\/blog\/wp-json\/wp\/v2\/comments?post=2515"}],"version-history":[{"count":3,"href":"http:\/\/zespoltoon.pl\/blog\/wp-json\/wp\/v2\/pages\/2515\/revisions"}],"predecessor-version":[{"id":2521,"href":"http:\/\/zespoltoon.pl\/blog\/wp-json\/wp\/v2\/pages\/2515\/revisions\/2521"}],"wp:attachment":[{"href":"http:\/\/zespoltoon.pl\/blog\/wp-json\/wp\/v2\/media?parent=2515"}],"curies":[{"name":"wp","href":"https:\/\/api.w.org\/{rel}","templated":true}]}}