{"id":2547,"date":"2026-01-28T08:35:02","date_gmt":"2026-01-28T08:35:02","guid":{"rendered":"http:\/\/zespoltoon.pl\/blog\/?page_id=2547"},"modified":"2026-01-28T08:37:10","modified_gmt":"2026-01-28T08:37:10","slug":"inauguracja-roku-kulturalnego-w-pawlowie","status":"publish","type":"page","link":"http:\/\/zespoltoon.pl\/blog\/inauguracja-roku-kulturalnego-w-pawlowie\/","title":{"rendered":"Inauguracja Roku Kulturalnego w Paw\u0142owie"},"content":{"rendered":"<div data-colibri-id=\"2547-c1\" class=\"style-1245 style-local-2547-c1 position-relative\">\n  <!---->\n  <div data-colibri-component=\"section\" data-colibri-id=\"2547-c2\" id=\"custom\" class=\"h-section h-section-global-spacing d-flex align-items-lg-center align-items-md-center align-items-center style-1246 style-local-2547-c2 position-relative\">\n    <!---->\n    <!---->\n    <div class=\"h-section-grid-container h-section-boxed-container\">\n      <!---->\n      <div data-colibri-id=\"2547-c3\" class=\"h-row-container gutters-row-lg-2 gutters-row-md-2 gutters-row-0 gutters-row-v-lg-2 gutters-row-v-md-2 gutters-row-v-2 style-1247 style-local-2547-c3 position-relative\">\n        <!---->\n        <div class=\"h-row justify-content-lg-center justify-content-md-center justify-content-center align-items-lg-stretch align-items-md-stretch align-items-stretch gutters-col-lg-2 gutters-col-md-2 gutters-col-0 gutters-col-v-lg-2 gutters-col-v-md-2 gutters-col-v-2\">\n          <!---->\n          <div class=\"h-column h-column-container d-flex h-col-lg-auto h-col-md-auto h-col-auto style-1248-outer style-local-2547-c4-outer\">\n            <div data-colibri-id=\"2547-c4\" class=\"d-flex h-flex-basis h-column__inner h-px-lg-2 h-px-md-2 h-px-2 v-inner-lg-2 v-inner-md-2 v-inner-2 style-1248 style-local-2547-c4 position-relative\">\n              <!---->\n              <!---->\n              <div class=\"w-100 h-y-container h-column__content h-column__v-align flex-basis-100 align-self-lg-start align-self-md-start align-self-start\">\n                <!---->\n                <div data-colibri-id=\"2547-c5\" class=\"h-text h-text-component style-1249 style-local-2547-c5 position-relative h-element\">\n                  <!---->\n                  <!---->\n                  <div class=\"\">\n                    <p>Realizacja nag\u0142o\u015bnienia i techniki sceny podczas Inauguracji Roku Kulturalnego w Gminnym O\u015brodku Kultury Sportu i Rekreacji w Paw\u0142owie.<\/p>\n                    <p>Realizacja nag\u0142o\u015bnienia i techniki sceny podczas koncertu Andrzeja Sikorowskiego i Jacka Kr\u00f3lika.&nbsp;<\/p>\n                    <p><strong>28 wrze\u015bnia 2025<\/strong><\/p>\n                  <\/div>\n                <\/div>\n                <div data-colibri-id=\"2547-c6\" class=\"h-x-container style-1250 style-local-2547-c6 position-relative h-element\">\n                  <!---->\n                  <div class=\"h-x-container-inner style-dynamic-2547-c6-group style-1250-spacing style-local-2547-c6-spacing\"><span class=\"h-link__outer style-1251-outer style-local-2547-c7-outer d-inline-flex h-element\"><a h-use-smooth-scroll=\"true\" href=\"https:\/\/starachowicka.pl\/informacje\/aktualnosci\/otwarcie-nowej-siedziby-goksir-w-pawlowie-i-inauguracja-roku-kulturalnego\/\"  data-colibri-id=\"2547-c7\" class=\"d-flex w-100 align-items-center h-link style-1251 style-local-2547-c7 position-relative\"><!----><!----> <span>Wi\u0119cej<\/span><\/a>\n                    <\/span>\n                  <\/div>\n                <\/div>\n                <div data-colibri-id=\"2547-c8\" class=\"d-block style-1252 style-local-2547-c8 position-relative h-element\">\n                  <!---->\n                  <div class=\"h-image__frame-container-outer\">\n                    <div class=\"h-image__frame-container\">\n                      <!---->\n                      <!---->\n                      <img loading=\"lazy\" decoding=\"async\" width=\"944\" height=\"1417\" src=\"http:\/\/zespoltoon.pl\/blog\/wp-content\/uploads\/2026\/01\/cropped-545626363_1218846500283753_619166311334395053_n-1.jpg\" class=\"wp-image-2550 style-1252-image style-local-2547-c8-image\" alt=\"\" srcset=\"http:\/\/zespoltoon.pl\/blog\/wp-content\/uploads\/2026\/01\/cropped-545626363_1218846500283753_619166311334395053_n-1.jpg 944w, http:\/\/zespoltoon.pl\/blog\/wp-content\/uploads\/2026\/01\/cropped-545626363_1218846500283753_619166311334395053_n-1-200x300.jpg 200w, http:\/\/zespoltoon.pl\/blog\/wp-content\/uploads\/2026\/01\/cropped-545626363_1218846500283753_619166311334395053_n-1-682x1024.jpg 682w, http:\/\/zespoltoon.pl\/blog\/wp-content\/uploads\/2026\/01\/cropped-545626363_1218846500283753_619166311334395053_n-1-768x1153.jpg 768w\" sizes=\"auto, (max-width: 944px) 100vw, 944px\" \/>\n                      <div class=\"h-image__frame h-hide-lg h-hide-md h-hide-sm style-1252-frameImage style-local-2547-c8-frameImage\"><\/div>\n                    <\/div>\n                  <\/div>\n                <\/div>\n              <\/div>\n            <\/div>\n          <\/div>\n        <\/div>\n      <\/div>\n    <\/div>\n  <\/div>\n<\/div>","protected":false},"excerpt":{"rendered":"<p>Realizacja nag\u0142o\u015bnienia i techniki sceny podczas Inauguracji Roku Kulturalnego w Gminnym O\u015brodku Kultury Sportu i Rekreacji w Paw\u0142owie. Realizacja nag\u0142o\u015bnienia i techniki sceny podczas koncertu Andrzeja Sikorowskiego i Jacka Kr\u00f3lika.&nbsp; 28 wrze\u015bnia 2025 Wi\u0119cej<\/p>\n","protected":false},"author":1,"featured_media":0,"parent":0,"menu_order":0,"comment_status":"closed","ping_status":"closed","template":"page-templates\/full-width-page.php","meta":{"_exactmetrics_skip_tracking":false,"_exactmetrics_sitenote_active":false,"_exactmetrics_sitenote_note":"","_exactmetrics_sitenote_category":0,"footnotes":""},"class_list":["post-2547","page","type-page","status-publish","hentry"],"aioseo_notices":[],"_links":{"self":[{"href":"http:\/\/zespoltoon.pl\/blog\/wp-json\/wp\/v2\/pages\/2547","targetHints":{"allow":["GET"]}}],"collection":[{"href":"http:\/\/zespoltoon.pl\/blog\/wp-json\/wp\/v2\/pages"}],"about":[{"href":"http:\/\/zespoltoon.pl\/blog\/wp-json\/wp\/v2\/types\/page"}],"author":[{"embeddable":true,"href":"http:\/\/zespoltoon.pl\/blog\/wp-json\/wp\/v2\/users\/1"}],"replies":[{"embeddable":true,"href":"http:\/\/zespoltoon.pl\/blog\/wp-json\/wp\/v2\/comments?post=2547"}],"version-history":[{"count":3,"href":"http:\/\/zespoltoon.pl\/blog\/wp-json\/wp\/v2\/pages\/2547\/revisions"}],"predecessor-version":[{"id":2559,"href":"http:\/\/zespoltoon.pl\/blog\/wp-json\/wp\/v2\/pages\/2547\/revisions\/2559"}],"wp:attachment":[{"href":"http:\/\/zespoltoon.pl\/blog\/wp-json\/wp\/v2\/media?parent=2547"}],"curies":[{"name":"wp","href":"https:\/\/api.w.org\/{rel}","templated":true}]}}

Inauguracja Roku Kulturalnego w Pawłowie

<div data-colibri-id="2547-c1" class="style-1245 style-local-2547-c1 position-relative">
  <!---->
  <div data-colibri-component="section" data-colibri-id="2547-c2" id="custom" class="h-section h-section-global-spacing d-flex align-items-lg-center align-items-md-center align-items-center style-1246 style-local-2547-c2 position-relative">
    <!---->
    <!---->
    <div class="h-section-grid-container h-section-boxed-container">
      <!---->
      <div data-colibri-id="2547-c3" class="h-row-container gutters-row-lg-2 gutters-row-md-2 gutters-row-0 gutters-row-v-lg-2 gutters-row-v-md-2 gutters-row-v-2 style-1247 style-local-2547-c3 position-relative">
        <!---->
        <div class="h-row justify-content-lg-center justify-content-md-center justify-content-center align-items-lg-stretch align-items-md-stretch align-items-stretch gutters-col-lg-2 gutters-col-md-2 gutters-col-0 gutters-col-v-lg-2 gutters-col-v-md-2 gutters-col-v-2">
          <!---->
          <div class="h-column h-column-container d-flex h-col-lg-auto h-col-md-auto h-col-auto style-1248-outer style-local-2547-c4-outer">
            <div data-colibri-id="2547-c4" class="d-flex h-flex-basis h-column__inner h-px-lg-2 h-px-md-2 h-px-2 v-inner-lg-2 v-inner-md-2 v-inner-2 style-1248 style-local-2547-c4 position-relative">
              <!---->
              <!---->
              <div class="w-100 h-y-container h-column__content h-column__v-align flex-basis-100 align-self-lg-start align-self-md-start align-self-start">
                <!---->
                <div data-colibri-id="2547-c5" class="h-text h-text-component style-1249 style-local-2547-c5 position-relative h-element">
                  <!---->
                  <!---->
                  <div class="">
                    <p>Realizacja nagłośnienia i techniki sceny podczas Inauguracji Roku Kulturalnego w Gminnym Ośrodku Kultury Sportu i Rekreacji w Pawłowie.</p>
                    <p>Realizacja nagłośnienia i techniki sceny podczas koncertu Andrzeja Sikorowskiego i Jacka Królika.&nbsp;</p>
                    <p><strong>28 września 2025</strong></p>
                  </div>
                </div>
                <div data-colibri-id="2547-c6" class="h-x-container style-1250 style-local-2547-c6 position-relative h-element">
                  <!---->
                  <div class="h-x-container-inner style-dynamic-2547-c6-group style-1250-spacing style-local-2547-c6-spacing"><span class="h-link__outer style-1251-outer style-local-2547-c7-outer d-inline-flex h-element"><a h-use-smooth-scroll="true" href="https://starachowicka.pl/informacje/aktualnosci/otwarcie-nowej-siedziby-goksir-w-pawlowie-i-inauguracja-roku-kulturalnego/"  data-colibri-id="2547-c7" class="d-flex w-100 align-items-center h-link style-1251 style-local-2547-c7 position-relative"><!----><!----> <span>Więcej</span></a>
                    </span>
                  </div>
                </div>
                <div data-colibri-id="2547-c8" class="d-block style-1252 style-local-2547-c8 position-relative h-element">
                  <!---->
                  <div class="h-image__frame-container-outer">
                    <div class="h-image__frame-container">
                      <!---->
                      <!---->
                      <img loading="lazy" decoding="async" width="944" height="1417" src="http://zespoltoon.pl/blog/wp-content/uploads/2026/01/cropped-545626363_1218846500283753_619166311334395053_n-1.jpg" class="wp-image-2550 style-1252-image style-local-2547-c8-image" alt="" srcset="http://zespoltoon.pl/blog/wp-content/uploads/2026/01/cropped-545626363_1218846500283753_619166311334395053_n-1.jpg 944w, http://zespoltoon.pl/blog/wp-content/uploads/2026/01/cropped-545626363_1218846500283753_619166311334395053_n-1-200x300.jpg 200w, http://zespoltoon.pl/blog/wp-content/uploads/2026/01/cropped-545626363_1218846500283753_619166311334395053_n-1-682x1024.jpg 682w, http://zespoltoon.pl/blog/wp-content/uploads/2026/01/cropped-545626363_1218846500283753_619166311334395053_n-1-768x1153.jpg 768w" sizes="auto, (max-width: 944px) 100vw, 944px" />
                      <div class="h-image__frame h-hide-lg h-hide-md h-hide-sm style-1252-frameImage style-local-2547-c8-frameImage"></div>
                    </div>
                  </div>
                </div>
              </div>
            </div>
          </div>
        </div>
      </div>
    </div>
  </div>
</div>

<p>Realizacja nagłośnienia i techniki sceny podczas Inauguracji Roku Kulturalnego w Gminnym Ośrodku Kultury Sportu i Rekreacji w Pawłowie. Realizacja nagłośnienia i techniki sceny podczas koncertu Andrzeja Sikorowskiego i Jacka Królika.&nbsp; 28 września 2025 Więcej</p>
