{"id":2668,"date":"2026-01-28T10:38:20","date_gmt":"2026-01-28T10:38:20","guid":{"rendered":"http:\/\/zespoltoon.pl\/blog\/?page_id=2668"},"modified":"2026-01-28T10:40:28","modified_gmt":"2026-01-28T10:40:28","slug":"koncert-w-cierchach","status":"publish","type":"page","link":"http:\/\/zespoltoon.pl\/blog\/koncert-w-cierchach\/","title":{"rendered":"Koncert w Cierchach"},"content":{"rendered":"<div data-colibri-id=\"2668-c1\" class=\"style-1313 style-local-2668-c1 position-relative\">\n  <!---->\n  <div data-colibri-component=\"section\" data-colibri-id=\"2668-c2\" id=\"custom\" class=\"h-section h-section-global-spacing d-flex align-items-lg-center align-items-md-center align-items-center style-1314 style-local-2668-c2 position-relative\">\n    <!---->\n    <!---->\n    <div class=\"h-section-grid-container h-section-boxed-container\">\n      <!---->\n      <div data-colibri-id=\"2668-c3\" class=\"h-row-container gutters-row-lg-2 gutters-row-md-2 gutters-row-0 gutters-row-v-lg-2 gutters-row-v-md-2 gutters-row-v-2 style-1315 style-local-2668-c3 position-relative\">\n        <!---->\n        <div class=\"h-row justify-content-lg-center justify-content-md-center justify-content-center align-items-lg-stretch align-items-md-stretch align-items-stretch gutters-col-lg-2 gutters-col-md-2 gutters-col-0 gutters-col-v-lg-2 gutters-col-v-md-2 gutters-col-v-2\">\n          <!---->\n          <div class=\"h-column h-column-container d-flex h-col-lg-auto h-col-md-auto h-col-auto style-1316-outer style-local-2668-c4-outer\">\n            <div data-colibri-id=\"2668-c4\" class=\"d-flex h-flex-basis h-column__inner h-px-lg-2 h-px-md-2 h-px-2 v-inner-lg-2 v-inner-md-2 v-inner-2 style-1316 style-local-2668-c4 position-relative\">\n              <!---->\n              <!---->\n              <div class=\"w-100 h-y-container h-column__content h-column__v-align flex-basis-100 align-self-lg-start align-self-md-start align-self-start\">\n                <!---->\n                <div data-colibri-id=\"2668-c5\" class=\"h-text h-text-component style-1317 style-local-2668-c5 position-relative h-element\">\n                  <!---->\n                  <!---->\n                  <div class=\"\">\n                    <p>Realizacja d\u017awi\u0119ku i techniki sceny podczas koncertu z cyklu &#8222;Z ciemno\u015bci do \u015bwiat\u0142a&#8221; w parafii w Cierchach<\/p>\n                    <p>&nbsp;<strong>13 grudnia 2025<\/strong><\/p>\n                  <\/div>\n                <\/div>\n                <div data-colibri-id=\"2668-c6\" class=\"h-x-container style-1318 style-local-2668-c6 position-relative h-element\">\n                  <!---->\n                  <div class=\"h-x-container-inner style-dynamic-2668-c6-group style-1318-spacing style-local-2668-c6-spacing\"><span class=\"h-link__outer style-1319-outer style-local-2668-c7-outer d-inline-flex h-element\"><a h-use-smooth-scroll=\"true\" href=\"https:\/\/dwaprzymierza.pl\/uwielbialismy-w-cierchach\/\"  data-colibri-id=\"2668-c7\" class=\"d-flex w-100 align-items-center h-link style-1319 style-local-2668-c7 position-relative\"><!----><!----> <span>Wi\u0119cej<\/span><\/a>\n                    <\/span>\n                  <\/div>\n                <\/div>\n                <div data-colibri-id=\"2668-c8\" class=\"d-block style-1320 style-local-2668-c8 position-relative h-element\">\n                  <!---->\n                  <div class=\"h-image__frame-container-outer\">\n                    <div class=\"h-image__frame-container\">\n                      <!---->\n                      <!---->\n                      <img loading=\"lazy\" decoding=\"async\" width=\"1080\" height=\"1080\" src=\"http:\/\/zespoltoon.pl\/blog\/wp-content\/uploads\/2026\/01\/cropped-590545289_18080580416177585_2069884422223965858_n.webp-2-1.jpeg\" class=\"wp-image-2671 style-1320-image style-local-2668-c8-image\" alt=\"\" srcset=\"http:\/\/zespoltoon.pl\/blog\/wp-content\/uploads\/2026\/01\/cropped-590545289_18080580416177585_2069884422223965858_n.webp-2-1.jpeg 1080w, http:\/\/zespoltoon.pl\/blog\/wp-content\/uploads\/2026\/01\/cropped-590545289_18080580416177585_2069884422223965858_n.webp-2-1-300x300.jpeg 300w, http:\/\/zespoltoon.pl\/blog\/wp-content\/uploads\/2026\/01\/cropped-590545289_18080580416177585_2069884422223965858_n.webp-2-1-1024x1024.jpeg 1024w, http:\/\/zespoltoon.pl\/blog\/wp-content\/uploads\/2026\/01\/cropped-590545289_18080580416177585_2069884422223965858_n.webp-2-1-150x150.jpeg 150w, http:\/\/zespoltoon.pl\/blog\/wp-content\/uploads\/2026\/01\/cropped-590545289_18080580416177585_2069884422223965858_n.webp-2-1-768x768.jpeg 768w\" sizes=\"auto, (max-width: 1080px) 100vw, 1080px\" \/>\n                      <div class=\"h-image__frame h-hide-lg h-hide-md h-hide-sm style-1320-frameImage style-local-2668-c8-frameImage\"><\/div>\n                    <\/div>\n                  <\/div>\n                <\/div>\n              <\/div>\n            <\/div>\n          <\/div>\n        <\/div>\n      <\/div>\n    <\/div>\n  <\/div>\n<\/div>","protected":false},"excerpt":{"rendered":"<p>Realizacja d\u017awi\u0119ku i techniki sceny podczas koncertu z cyklu &#8222;Z ciemno\u015bci do \u015bwiat\u0142a&#8221; w parafii w Cierchach &nbsp;13 grudnia 2025 Wi\u0119cej<\/p>\n","protected":false},"author":1,"featured_media":0,"parent":0,"menu_order":0,"comment_status":"closed","ping_status":"closed","template":"page-templates\/full-width-page.php","meta":{"_exactmetrics_skip_tracking":false,"_exactmetrics_sitenote_active":false,"_exactmetrics_sitenote_note":"","_exactmetrics_sitenote_category":0,"footnotes":""},"class_list":["post-2668","page","type-page","status-publish","hentry"],"aioseo_notices":[],"_links":{"self":[{"href":"http:\/\/zespoltoon.pl\/blog\/wp-json\/wp\/v2\/pages\/2668","targetHints":{"allow":["GET"]}}],"collection":[{"href":"http:\/\/zespoltoon.pl\/blog\/wp-json\/wp\/v2\/pages"}],"about":[{"href":"http:\/\/zespoltoon.pl\/blog\/wp-json\/wp\/v2\/types\/page"}],"author":[{"embeddable":true,"href":"http:\/\/zespoltoon.pl\/blog\/wp-json\/wp\/v2\/users\/1"}],"replies":[{"embeddable":true,"href":"http:\/\/zespoltoon.pl\/blog\/wp-json\/wp\/v2\/comments?post=2668"}],"version-history":[{"count":2,"href":"http:\/\/zespoltoon.pl\/blog\/wp-json\/wp\/v2\/pages\/2668\/revisions"}],"predecessor-version":[{"id":2673,"href":"http:\/\/zespoltoon.pl\/blog\/wp-json\/wp\/v2\/pages\/2668\/revisions\/2673"}],"wp:attachment":[{"href":"http:\/\/zespoltoon.pl\/blog\/wp-json\/wp\/v2\/media?parent=2668"}],"curies":[{"name":"wp","href":"https:\/\/api.w.org\/{rel}","templated":true}]}}