{"id":2833,"date":"2026-01-29T08:21:40","date_gmt":"2026-01-29T08:21:40","guid":{"rendered":"http:\/\/zespoltoon.pl\/blog\/?page_id=2833"},"modified":"2026-01-29T08:24:55","modified_gmt":"2026-01-29T08:24:55","slug":"charytatywny-koncert-koled-na-swietym-krzyzu","status":"publish","type":"page","link":"http:\/\/zespoltoon.pl\/blog\/charytatywny-koncert-koled-na-swietym-krzyzu\/","title":{"rendered":"Charytatywny Koncert Kol\u0119d na \u015awi\u0119tym Krzy\u017cu"},"content":{"rendered":"<div data-colibri-id=\"2833-c1\" class=\"style-1376 style-local-2833-c1 position-relative\">\n  <!---->\n  <div data-colibri-component=\"section\" data-colibri-id=\"2833-c2\" id=\"custom\" class=\"h-section h-section-global-spacing d-flex align-items-lg-center align-items-md-center align-items-center style-1377 style-local-2833-c2 position-relative\">\n    <!---->\n    <!---->\n    <div class=\"h-section-grid-container h-section-boxed-container\">\n      <!---->\n      <div data-colibri-id=\"2833-c5\" class=\"h-row-container gutters-row-lg-2 gutters-row-md-2 gutters-row-0 gutters-row-v-lg-2 gutters-row-v-md-2 gutters-row-v-2 style-1380 style-local-2833-c5 position-relative\">\n        <!---->\n        <div class=\"h-row justify-content-lg-center justify-content-md-center justify-content-center align-items-lg-stretch align-items-md-stretch align-items-stretch gutters-col-lg-2 gutters-col-md-2 gutters-col-0 gutters-col-v-lg-2 gutters-col-v-md-2 gutters-col-v-2\">\n          <!---->\n          <div class=\"h-column h-column-container d-flex h-col-lg-auto h-col-md-auto h-col-auto style-1381-outer style-local-2833-c6-outer\">\n            <div data-colibri-id=\"2833-c6\" class=\"d-flex h-flex-basis h-column__inner h-px-lg-2 h-px-md-2 h-px-2 v-inner-lg-2 v-inner-md-2 v-inner-2 style-1381 style-local-2833-c6 position-relative\">\n              <!---->\n              <!---->\n              <div class=\"w-100 h-y-container h-column__content h-column__v-align flex-basis-100 align-self-lg-start align-self-md-start align-self-start\">\n                <!---->\n                <div data-colibri-id=\"2833-c7\" class=\"h-text h-text-component style-1382 style-local-2833-c7 position-relative h-element\">\n                  <!---->\n                  <!---->\n                  <div class=\"\">\n                    <p>Aran\u017cacja utwor\u00f3w i akompaniament podczas Koncertu Charytatywnego Kol\u0119d i Pastora\u0142ek na \u015awi\u0119tym Krzy\u017cu<\/p>\n                    <p><strong>6 styczna 2026<\/strong><\/p>\n                  <\/div>\n                <\/div>\n              <\/div>\n            <\/div>\n          <\/div>\n        <\/div>\n      <\/div>\n      <div data-colibri-id=\"2833-c8\" class=\"h-row-container gutters-row-lg-2 gutters-row-md-2 gutters-row-0 gutters-row-v-lg-2 gutters-row-v-md-2 gutters-row-v-2 style-1383 style-local-2833-c8 position-relative\">\n        <!---->\n        <div class=\"h-row justify-content-lg-center justify-content-md-center justify-content-center align-items-lg-stretch align-items-md-stretch align-items-stretch gutters-col-lg-2 gutters-col-md-2 gutters-col-0 gutters-col-v-lg-2 gutters-col-v-md-2 gutters-col-v-2\">\n          <!---->\n          <div class=\"h-column h-column-container d-flex h-col-lg-auto h-col-md-auto h-col-auto style-1384-outer style-local-2833-c9-outer\">\n            <div data-colibri-id=\"2833-c9\" class=\"d-flex h-flex-basis h-column__inner h-px-lg-2 h-px-md-2 h-px-2 v-inner-lg-2 v-inner-md-2 v-inner-2 style-1384 style-local-2833-c9 position-relative\">\n              <!---->\n              <!---->\n              <div class=\"w-100 h-y-container h-column__content h-column__v-align flex-basis-100 align-self-lg-start align-self-md-start align-self-start\">\n                <!---->\n                <div data-colibri-id=\"2833-c10\" class=\"h-x-container style-1385 style-local-2833-c10 position-relative h-element\">\n                  <!---->\n                  <div class=\"h-x-container-inner style-dynamic-2833-c10-group style-1385-spacing style-local-2833-c10-spacing\"><span class=\"h-link__outer style-1386-outer style-local-2833-c11-outer d-inline-flex h-element\"><a h-use-smooth-scroll=\"true\" href=\"https:\/\/radiokielce.pl\/1372333\/koledy-dla-amelki-i-wiktorii-swiety-krzyz-zagral-dla-chorych-dzieci\/\"  data-colibri-id=\"2833-c11\" class=\"d-flex w-100 align-items-center h-link style-1386 style-local-2833-c11 position-relative\"><!----><!----> <span>Wi\u0119cej<\/span><\/a>\n                    <\/span>\n                  <\/div>\n                <\/div>\n                <div data-colibri-id=\"2833-c12\" class=\"d-block style-1387 style-local-2833-c12 position-relative h-element\">\n                  <!---->\n                  <div class=\"h-image__frame-container-outer\">\n                    <div class=\"h-image__frame-container\">\n                      <!---->\n                      <!---->\n                      <img loading=\"lazy\" decoding=\"async\" width=\"959\" height=\"1358\" src=\"http:\/\/zespoltoon.pl\/blog\/wp-content\/uploads\/2026\/01\/cropped-il20251222_952888165_large.jpg\" class=\"wp-image-2843 style-1387-image style-local-2833-c12-image\" alt=\"\" srcset=\"http:\/\/zespoltoon.pl\/blog\/wp-content\/uploads\/2026\/01\/cropped-il20251222_952888165_large.jpg 959w, http:\/\/zespoltoon.pl\/blog\/wp-content\/uploads\/2026\/01\/cropped-il20251222_952888165_large-212x300.jpg 212w, http:\/\/zespoltoon.pl\/blog\/wp-content\/uploads\/2026\/01\/cropped-il20251222_952888165_large-723x1024.jpg 723w, http:\/\/zespoltoon.pl\/blog\/wp-content\/uploads\/2026\/01\/cropped-il20251222_952888165_large-768x1088.jpg 768w\" sizes=\"auto, (max-width: 959px) 100vw, 959px\" \/>\n                      <div class=\"h-image__frame h-hide-lg h-hide-md h-hide-sm style-1387-frameImage style-local-2833-c12-frameImage\"><\/div>\n                    <\/div>\n                  <\/div>\n                <\/div>\n              <\/div>\n            <\/div>\n          <\/div>\n        <\/div>\n      <\/div>\n      <div data-colibri-id=\"2833-c3\" class=\"h-row-container gutters-row-lg-2 gutters-row-md-2 gutters-row-0 gutters-row-v-lg-2 gutters-row-v-md-2 gutters-row-v-2 style-1378 style-local-2833-c3 position-relative\">\n        <!---->\n        <div class=\"h-row justify-content-lg-center justify-content-md-center justify-content-center align-items-lg-stretch align-items-md-stretch align-items-stretch gutters-col-lg-2 gutters-col-md-2 gutters-col-0 gutters-col-v-lg-2 gutters-col-v-md-2 gutters-col-v-2\">\n          <!---->\n          <div class=\"h-column h-column-container d-flex h-col-lg-auto h-col-md-auto h-col-auto style-1379-outer style-local-2833-c4-outer\">\n            <div data-colibri-id=\"2833-c4\" class=\"d-flex h-flex-basis h-column__inner h-ui-empty-state-container h-px-lg-2 h-px-md-2 h-px-2 v-inner-lg-2 v-inner-md-2 v-inner-2 style-1379 style-local-2833-c4 position-relative\">\n              <!---->\n              <!---->\n              <div class=\"w-100 h-y-container h-column__content h-column__v-align flex-basis-100\">\n                <!---->\n              <\/div>\n            <\/div>\n          <\/div>\n        <\/div>\n      <\/div>\n    <\/div>\n  <\/div>\n<\/div>","protected":false},"excerpt":{"rendered":"<p>Aran\u017cacja utwor\u00f3w i akompaniament podczas Koncertu Charytatywnego Kol\u0119d i Pastora\u0142ek na \u015awi\u0119tym Krzy\u017cu 6 styczna 2026 Wi\u0119cej<\/p>\n","protected":false},"author":1,"featured_media":0,"parent":0,"menu_order":0,"comment_status":"closed","ping_status":"closed","template":"page-templates\/full-width-page.php","meta":{"_exactmetrics_skip_tracking":false,"_exactmetrics_sitenote_active":false,"_exactmetrics_sitenote_note":"","_exactmetrics_sitenote_category":0,"footnotes":""},"class_list":["post-2833","page","type-page","status-publish","hentry"],"aioseo_notices":[],"_links":{"self":[{"href":"http:\/\/zespoltoon.pl\/blog\/wp-json\/wp\/v2\/pages\/2833","targetHints":{"allow":["GET"]}}],"collection":[{"href":"http:\/\/zespoltoon.pl\/blog\/wp-json\/wp\/v2\/pages"}],"about":[{"href":"http:\/\/zespoltoon.pl\/blog\/wp-json\/wp\/v2\/types\/page"}],"author":[{"embeddable":true,"href":"http:\/\/zespoltoon.pl\/blog\/wp-json\/wp\/v2\/users\/1"}],"replies":[{"embeddable":true,"href":"http:\/\/zespoltoon.pl\/blog\/wp-json\/wp\/v2\/comments?post=2833"}],"version-history":[{"count":2,"href":"http:\/\/zespoltoon.pl\/blog\/wp-json\/wp\/v2\/pages\/2833\/revisions"}],"predecessor-version":[{"id":2845,"href":"http:\/\/zespoltoon.pl\/blog\/wp-json\/wp\/v2\/pages\/2833\/revisions\/2845"}],"wp:attachment":[{"href":"http:\/\/zespoltoon.pl\/blog\/wp-json\/wp\/v2\/media?parent=2833"}],"curies":[{"name":"wp","href":"https:\/\/api.w.org\/{rel}","templated":true}]}}

Charytatywny Koncert Kolęd na Świętym Krzyżu

<div data-colibri-id="2833-c1" class="style-1376 style-local-2833-c1 position-relative">
  <!---->
  <div data-colibri-component="section" data-colibri-id="2833-c2" id="custom" class="h-section h-section-global-spacing d-flex align-items-lg-center align-items-md-center align-items-center style-1377 style-local-2833-c2 position-relative">
    <!---->
    <!---->
    <div class="h-section-grid-container h-section-boxed-container">
      <!---->
      <div data-colibri-id="2833-c5" class="h-row-container gutters-row-lg-2 gutters-row-md-2 gutters-row-0 gutters-row-v-lg-2 gutters-row-v-md-2 gutters-row-v-2 style-1380 style-local-2833-c5 position-relative">
        <!---->
        <div class="h-row justify-content-lg-center justify-content-md-center justify-content-center align-items-lg-stretch align-items-md-stretch align-items-stretch gutters-col-lg-2 gutters-col-md-2 gutters-col-0 gutters-col-v-lg-2 gutters-col-v-md-2 gutters-col-v-2">
          <!---->
          <div class="h-column h-column-container d-flex h-col-lg-auto h-col-md-auto h-col-auto style-1381-outer style-local-2833-c6-outer">
            <div data-colibri-id="2833-c6" class="d-flex h-flex-basis h-column__inner h-px-lg-2 h-px-md-2 h-px-2 v-inner-lg-2 v-inner-md-2 v-inner-2 style-1381 style-local-2833-c6 position-relative">
              <!---->
              <!---->
              <div class="w-100 h-y-container h-column__content h-column__v-align flex-basis-100 align-self-lg-start align-self-md-start align-self-start">
                <!---->
                <div data-colibri-id="2833-c7" class="h-text h-text-component style-1382 style-local-2833-c7 position-relative h-element">
                  <!---->
                  <!---->
                  <div class="">
                    <p>Aranżacja utworów i akompaniament podczas Koncertu Charytatywnego Kolęd i Pastorałek na Świętym Krzyżu</p>
                    <p><strong>6 styczna 2026</strong></p>
                  </div>
                </div>
              </div>
            </div>
          </div>
        </div>
      </div>
      <div data-colibri-id="2833-c8" class="h-row-container gutters-row-lg-2 gutters-row-md-2 gutters-row-0 gutters-row-v-lg-2 gutters-row-v-md-2 gutters-row-v-2 style-1383 style-local-2833-c8 position-relative">
        <!---->
        <div class="h-row justify-content-lg-center justify-content-md-center justify-content-center align-items-lg-stretch align-items-md-stretch align-items-stretch gutters-col-lg-2 gutters-col-md-2 gutters-col-0 gutters-col-v-lg-2 gutters-col-v-md-2 gutters-col-v-2">
          <!---->
          <div class="h-column h-column-container d-flex h-col-lg-auto h-col-md-auto h-col-auto style-1384-outer style-local-2833-c9-outer">
            <div data-colibri-id="2833-c9" class="d-flex h-flex-basis h-column__inner h-px-lg-2 h-px-md-2 h-px-2 v-inner-lg-2 v-inner-md-2 v-inner-2 style-1384 style-local-2833-c9 position-relative">
              <!---->
              <!---->
              <div class="w-100 h-y-container h-column__content h-column__v-align flex-basis-100 align-self-lg-start align-self-md-start align-self-start">
                <!---->
                <div data-colibri-id="2833-c10" class="h-x-container style-1385 style-local-2833-c10 position-relative h-element">
                  <!---->
                  <div class="h-x-container-inner style-dynamic-2833-c10-group style-1385-spacing style-local-2833-c10-spacing"><span class="h-link__outer style-1386-outer style-local-2833-c11-outer d-inline-flex h-element"><a h-use-smooth-scroll="true" href="https://radiokielce.pl/1372333/koledy-dla-amelki-i-wiktorii-swiety-krzyz-zagral-dla-chorych-dzieci/"  data-colibri-id="2833-c11" class="d-flex w-100 align-items-center h-link style-1386 style-local-2833-c11 position-relative"><!----><!----> <span>Więcej</span></a>
                    </span>
                  </div>
                </div>
                <div data-colibri-id="2833-c12" class="d-block style-1387 style-local-2833-c12 position-relative h-element">
                  <!---->
                  <div class="h-image__frame-container-outer">
                    <div class="h-image__frame-container">
                      <!---->
                      <!---->
                      <img loading="lazy" decoding="async" width="959" height="1358" src="http://zespoltoon.pl/blog/wp-content/uploads/2026/01/cropped-il20251222_952888165_large.jpg" class="wp-image-2843 style-1387-image style-local-2833-c12-image" alt="" srcset="http://zespoltoon.pl/blog/wp-content/uploads/2026/01/cropped-il20251222_952888165_large.jpg 959w, http://zespoltoon.pl/blog/wp-content/uploads/2026/01/cropped-il20251222_952888165_large-212x300.jpg 212w, http://zespoltoon.pl/blog/wp-content/uploads/2026/01/cropped-il20251222_952888165_large-723x1024.jpg 723w, http://zespoltoon.pl/blog/wp-content/uploads/2026/01/cropped-il20251222_952888165_large-768x1088.jpg 768w" sizes="auto, (max-width: 959px) 100vw, 959px" />
                      <div class="h-image__frame h-hide-lg h-hide-md h-hide-sm style-1387-frameImage style-local-2833-c12-frameImage"></div>
                    </div>
                  </div>
                </div>
              </div>
            </div>
          </div>
        </div>
      </div>
      <div data-colibri-id="2833-c3" class="h-row-container gutters-row-lg-2 gutters-row-md-2 gutters-row-0 gutters-row-v-lg-2 gutters-row-v-md-2 gutters-row-v-2 style-1378 style-local-2833-c3 position-relative">
        <!---->
        <div class="h-row justify-content-lg-center justify-content-md-center justify-content-center align-items-lg-stretch align-items-md-stretch align-items-stretch gutters-col-lg-2 gutters-col-md-2 gutters-col-0 gutters-col-v-lg-2 gutters-col-v-md-2 gutters-col-v-2">
          <!---->
          <div class="h-column h-column-container d-flex h-col-lg-auto h-col-md-auto h-col-auto style-1379-outer style-local-2833-c4-outer">
            <div data-colibri-id="2833-c4" class="d-flex h-flex-basis h-column__inner h-ui-empty-state-container h-px-lg-2 h-px-md-2 h-px-2 v-inner-lg-2 v-inner-md-2 v-inner-2 style-1379 style-local-2833-c4 position-relative">
              <!---->
              <!---->
              <div class="w-100 h-y-container h-column__content h-column__v-align flex-basis-100">
                <!---->
              </div>
            </div>
          </div>
        </div>
      </div>
    </div>
  </div>
</div>

<p>Aranżacja utworów i akompaniament podczas Koncertu Charytatywnego Kolęd i Pastorałek na Świętym Krzyżu 6 styczna 2026 Więcej</p>
