{"id":2858,"date":"2026-01-29T08:28:54","date_gmt":"2026-01-29T08:28:54","guid":{"rendered":"http:\/\/zespoltoon.pl\/blog\/?page_id=2858"},"modified":"2026-01-29T08:31:25","modified_gmt":"2026-01-29T08:31:25","slug":"festiwal-nocy-niepojeta","status":"publish","type":"page","link":"http:\/\/zespoltoon.pl\/blog\/festiwal-nocy-niepojeta\/","title":{"rendered":"Festiwal &#8222;Nocy Niepoj\u0119ta&#8221;"},"content":{"rendered":"<div data-colibri-id=\"2858-c1\" class=\"style-1388 style-local-2858-c1 position-relative\">\n  <!---->\n  <div data-colibri-component=\"section\" data-colibri-id=\"2858-c2\" id=\"custom\" class=\"h-section h-section-global-spacing d-flex align-items-lg-center align-items-md-center align-items-center style-1389 style-local-2858-c2 position-relative\">\n    <!---->\n    <!---->\n    <div class=\"h-section-grid-container h-section-boxed-container\">\n      <!---->\n      <div data-colibri-id=\"2858-c5\" class=\"h-row-container gutters-row-lg-2 gutters-row-md-2 gutters-row-0 gutters-row-v-lg-2 gutters-row-v-md-2 gutters-row-v-2 style-1392 style-local-2858-c5 position-relative\">\n        <!---->\n        <div class=\"h-row justify-content-lg-center justify-content-md-center justify-content-center align-items-lg-stretch align-items-md-stretch align-items-stretch gutters-col-lg-2 gutters-col-md-2 gutters-col-0 gutters-col-v-lg-2 gutters-col-v-md-2 gutters-col-v-2\">\n          <!---->\n          <div class=\"h-column h-column-container d-flex h-col-lg-auto h-col-md-auto h-col-auto style-1393-outer style-local-2858-c6-outer\">\n            <div data-colibri-id=\"2858-c6\" class=\"d-flex h-flex-basis h-column__inner h-px-lg-2 h-px-md-2 h-px-2 v-inner-lg-2 v-inner-md-2 v-inner-2 style-1393 style-local-2858-c6 position-relative\">\n              <!---->\n              <!---->\n              <div class=\"w-100 h-y-container h-column__content h-column__v-align flex-basis-100 align-self-lg-start align-self-md-start align-self-start\">\n                <!---->\n                <div data-colibri-id=\"2858-c7\" class=\"h-text h-text-component style-1394 style-local-2858-c7 position-relative h-element\">\n                  <!---->\n                  <!---->\n                  <div class=\"\">\n                    <p>Nag\u0142o\u015bnienie i technika sceny podczas IX Festiwalu Kol\u0119d i Pastora\u0142ek &#8222;Nocy niepoj\u0119ta&#8221; w Sanktuarium w Ka\u0142kowie-Godowie.<\/p>\n                    <p><strong>10 styczna 2026<\/strong><\/p>\n                  <\/div>\n                <\/div>\n              <\/div>\n            <\/div>\n          <\/div>\n        <\/div>\n      <\/div>\n      <div data-colibri-id=\"2858-c3\" class=\"h-row-container gutters-row-lg-2 gutters-row-md-2 gutters-row-0 gutters-row-v-lg-2 gutters-row-v-md-2 gutters-row-v-2 style-1390 style-local-2858-c3 position-relative\">\n        <!---->\n        <div class=\"h-row justify-content-lg-center justify-content-md-center justify-content-center align-items-lg-stretch align-items-md-stretch align-items-stretch gutters-col-lg-2 gutters-col-md-2 gutters-col-0 gutters-col-v-lg-2 gutters-col-v-md-2 gutters-col-v-2\">\n          <!---->\n          <div class=\"h-column h-column-container d-flex h-col-lg-auto h-col-md-auto h-col-auto style-1391-outer style-local-2858-c4-outer\">\n            <div data-colibri-id=\"2858-c4\" class=\"d-flex h-flex-basis h-column__inner h-px-lg-2 h-px-md-2 h-px-2 v-inner-lg-2 v-inner-md-2 v-inner-2 style-1391 style-local-2858-c4 position-relative\">\n              <!---->\n              <!---->\n              <div class=\"w-100 h-y-container h-column__content h-column__v-align flex-basis-100 align-self-lg-start align-self-md-start align-self-start\">\n                <!---->\n                <div data-colibri-id=\"2858-c8\" class=\"h-x-container style-1395 style-local-2858-c8 position-relative h-element\">\n                  <!---->\n                  <div class=\"h-x-container-inner style-dynamic-2858-c8-group style-1395-spacing style-local-2858-c8-spacing\"><span class=\"h-link__outer style-1396-outer style-local-2858-c9-outer d-inline-flex h-element\"><a h-use-smooth-scroll=\"true\" href=\"https:\/\/sanktuariumkalkow.pl\/ix-ogolnopolski-festiwal-koled-i-pastoralek-nocy-niepojeta-w-kalkowie-godowie-swieto-muzyki-tradycji-i-wspolnego-koledowania\/\"  data-colibri-id=\"2858-c9\" class=\"d-flex w-100 align-items-center h-link style-1396 style-local-2858-c9 position-relative\"><!----><!----> <span>Wi\u0119cej<\/span><\/a>\n                    <\/span>\n                  <\/div>\n                <\/div>\n                <div data-colibri-id=\"2858-c10\" class=\"d-block style-1397 style-local-2858-c10 position-relative h-element\">\n                  <!---->\n                  <div class=\"h-image__frame-container-outer\">\n                    <div class=\"h-image__frame-container\">\n                      <!---->\n                      <!---->\n                      <img loading=\"lazy\" decoding=\"async\" width=\"1443\" height=\"2048\" src=\"http:\/\/zespoltoon.pl\/blog\/wp-content\/uploads\/2026\/01\/cropped-597117961_1294732006028535_351361377000474129_n-1.jpg\" class=\"wp-image-2863 style-1397-image style-local-2858-c10-image\" alt=\"\" srcset=\"http:\/\/zespoltoon.pl\/blog\/wp-content\/uploads\/2026\/01\/cropped-597117961_1294732006028535_351361377000474129_n-1.jpg 1443w, http:\/\/zespoltoon.pl\/blog\/wp-content\/uploads\/2026\/01\/cropped-597117961_1294732006028535_351361377000474129_n-1-211x300.jpg 211w, http:\/\/zespoltoon.pl\/blog\/wp-content\/uploads\/2026\/01\/cropped-597117961_1294732006028535_351361377000474129_n-1-722x1024.jpg 722w, http:\/\/zespoltoon.pl\/blog\/wp-content\/uploads\/2026\/01\/cropped-597117961_1294732006028535_351361377000474129_n-1-768x1090.jpg 768w, http:\/\/zespoltoon.pl\/blog\/wp-content\/uploads\/2026\/01\/cropped-597117961_1294732006028535_351361377000474129_n-1-1082x1536.jpg 1082w\" sizes=\"auto, (max-width: 1443px) 100vw, 1443px\" \/>\n                      <div class=\"h-image__frame h-hide-lg h-hide-md h-hide-sm style-1397-frameImage style-local-2858-c10-frameImage\"><\/div>\n                    <\/div>\n                  <\/div>\n                <\/div>\n              <\/div>\n            <\/div>\n          <\/div>\n        <\/div>\n      <\/div>\n    <\/div>\n  <\/div>\n<\/div>","protected":false},"excerpt":{"rendered":"<p>Nag\u0142o\u015bnienie i technika sceny podczas IX Festiwalu Kol\u0119d i Pastora\u0142ek &#8222;Nocy niepoj\u0119ta&#8221; w Sanktuarium w Ka\u0142kowie-Godowie. 10 styczna 2026 Wi\u0119cej<\/p>\n","protected":false},"author":1,"featured_media":0,"parent":0,"menu_order":0,"comment_status":"closed","ping_status":"closed","template":"page-templates\/full-width-page.php","meta":{"_exactmetrics_skip_tracking":false,"_exactmetrics_sitenote_active":false,"_exactmetrics_sitenote_note":"","_exactmetrics_sitenote_category":0,"footnotes":""},"class_list":["post-2858","page","type-page","status-publish","hentry"],"aioseo_notices":[],"_links":{"self":[{"href":"http:\/\/zespoltoon.pl\/blog\/wp-json\/wp\/v2\/pages\/2858","targetHints":{"allow":["GET"]}}],"collection":[{"href":"http:\/\/zespoltoon.pl\/blog\/wp-json\/wp\/v2\/pages"}],"about":[{"href":"http:\/\/zespoltoon.pl\/blog\/wp-json\/wp\/v2\/types\/page"}],"author":[{"embeddable":true,"href":"http:\/\/zespoltoon.pl\/blog\/wp-json\/wp\/v2\/users\/1"}],"replies":[{"embeddable":true,"href":"http:\/\/zespoltoon.pl\/blog\/wp-json\/wp\/v2\/comments?post=2858"}],"version-history":[{"count":2,"href":"http:\/\/zespoltoon.pl\/blog\/wp-json\/wp\/v2\/pages\/2858\/revisions"}],"predecessor-version":[{"id":2865,"href":"http:\/\/zespoltoon.pl\/blog\/wp-json\/wp\/v2\/pages\/2858\/revisions\/2865"}],"wp:attachment":[{"href":"http:\/\/zespoltoon.pl\/blog\/wp-json\/wp\/v2\/media?parent=2858"}],"curies":[{"name":"wp","href":"https:\/\/api.w.org\/{rel}","templated":true}]}}

Festiwal &#8222;Nocy Niepojęta&#8221;

<div data-colibri-id="2858-c1" class="style-1388 style-local-2858-c1 position-relative">
  <!---->
  <div data-colibri-component="section" data-colibri-id="2858-c2" id="custom" class="h-section h-section-global-spacing d-flex align-items-lg-center align-items-md-center align-items-center style-1389 style-local-2858-c2 position-relative">
    <!---->
    <!---->
    <div class="h-section-grid-container h-section-boxed-container">
      <!---->
      <div data-colibri-id="2858-c5" class="h-row-container gutters-row-lg-2 gutters-row-md-2 gutters-row-0 gutters-row-v-lg-2 gutters-row-v-md-2 gutters-row-v-2 style-1392 style-local-2858-c5 position-relative">
        <!---->
        <div class="h-row justify-content-lg-center justify-content-md-center justify-content-center align-items-lg-stretch align-items-md-stretch align-items-stretch gutters-col-lg-2 gutters-col-md-2 gutters-col-0 gutters-col-v-lg-2 gutters-col-v-md-2 gutters-col-v-2">
          <!---->
          <div class="h-column h-column-container d-flex h-col-lg-auto h-col-md-auto h-col-auto style-1393-outer style-local-2858-c6-outer">
            <div data-colibri-id="2858-c6" class="d-flex h-flex-basis h-column__inner h-px-lg-2 h-px-md-2 h-px-2 v-inner-lg-2 v-inner-md-2 v-inner-2 style-1393 style-local-2858-c6 position-relative">
              <!---->
              <!---->
              <div class="w-100 h-y-container h-column__content h-column__v-align flex-basis-100 align-self-lg-start align-self-md-start align-self-start">
                <!---->
                <div data-colibri-id="2858-c7" class="h-text h-text-component style-1394 style-local-2858-c7 position-relative h-element">
                  <!---->
                  <!---->
                  <div class="">
                    <p>Nagłośnienie i technika sceny podczas IX Festiwalu Kolęd i Pastorałek &#8222;Nocy niepojęta&#8221; w Sanktuarium w Kałkowie-Godowie.</p>
                    <p><strong>10 styczna 2026</strong></p>
                  </div>
                </div>
              </div>
            </div>
          </div>
        </div>
      </div>
      <div data-colibri-id="2858-c3" class="h-row-container gutters-row-lg-2 gutters-row-md-2 gutters-row-0 gutters-row-v-lg-2 gutters-row-v-md-2 gutters-row-v-2 style-1390 style-local-2858-c3 position-relative">
        <!---->
        <div class="h-row justify-content-lg-center justify-content-md-center justify-content-center align-items-lg-stretch align-items-md-stretch align-items-stretch gutters-col-lg-2 gutters-col-md-2 gutters-col-0 gutters-col-v-lg-2 gutters-col-v-md-2 gutters-col-v-2">
          <!---->
          <div class="h-column h-column-container d-flex h-col-lg-auto h-col-md-auto h-col-auto style-1391-outer style-local-2858-c4-outer">
            <div data-colibri-id="2858-c4" class="d-flex h-flex-basis h-column__inner h-px-lg-2 h-px-md-2 h-px-2 v-inner-lg-2 v-inner-md-2 v-inner-2 style-1391 style-local-2858-c4 position-relative">
              <!---->
              <!---->
              <div class="w-100 h-y-container h-column__content h-column__v-align flex-basis-100 align-self-lg-start align-self-md-start align-self-start">
                <!---->
                <div data-colibri-id="2858-c8" class="h-x-container style-1395 style-local-2858-c8 position-relative h-element">
                  <!---->
                  <div class="h-x-container-inner style-dynamic-2858-c8-group style-1395-spacing style-local-2858-c8-spacing"><span class="h-link__outer style-1396-outer style-local-2858-c9-outer d-inline-flex h-element"><a h-use-smooth-scroll="true" href="https://sanktuariumkalkow.pl/ix-ogolnopolski-festiwal-koled-i-pastoralek-nocy-niepojeta-w-kalkowie-godowie-swieto-muzyki-tradycji-i-wspolnego-koledowania/"  data-colibri-id="2858-c9" class="d-flex w-100 align-items-center h-link style-1396 style-local-2858-c9 position-relative"><!----><!----> <span>Więcej</span></a>
                    </span>
                  </div>
                </div>
                <div data-colibri-id="2858-c10" class="d-block style-1397 style-local-2858-c10 position-relative h-element">
                  <!---->
                  <div class="h-image__frame-container-outer">
                    <div class="h-image__frame-container">
                      <!---->
                      <!---->
                      <img loading="lazy" decoding="async" width="1443" height="2048" src="http://zespoltoon.pl/blog/wp-content/uploads/2026/01/cropped-597117961_1294732006028535_351361377000474129_n-1.jpg" class="wp-image-2863 style-1397-image style-local-2858-c10-image" alt="" srcset="http://zespoltoon.pl/blog/wp-content/uploads/2026/01/cropped-597117961_1294732006028535_351361377000474129_n-1.jpg 1443w, http://zespoltoon.pl/blog/wp-content/uploads/2026/01/cropped-597117961_1294732006028535_351361377000474129_n-1-211x300.jpg 211w, http://zespoltoon.pl/blog/wp-content/uploads/2026/01/cropped-597117961_1294732006028535_351361377000474129_n-1-722x1024.jpg 722w, http://zespoltoon.pl/blog/wp-content/uploads/2026/01/cropped-597117961_1294732006028535_351361377000474129_n-1-768x1090.jpg 768w, http://zespoltoon.pl/blog/wp-content/uploads/2026/01/cropped-597117961_1294732006028535_351361377000474129_n-1-1082x1536.jpg 1082w" sizes="auto, (max-width: 1443px) 100vw, 1443px" />
                      <div class="h-image__frame h-hide-lg h-hide-md h-hide-sm style-1397-frameImage style-local-2858-c10-frameImage"></div>
                    </div>
                  </div>
                </div>
              </div>
            </div>
          </div>
        </div>
      </div>
    </div>
  </div>
</div>

<p>Nagłośnienie i technika sceny podczas IX Festiwalu Kolęd i Pastorałek &#8222;Nocy niepojęta&#8221; w Sanktuarium w Kałkowie-Godowie. 10 styczna 2026 Więcej</p>
